{"id":88,"date":"2012-09-10T10:12:52","date_gmt":"2012-09-10T10:12:52","guid":{"rendered":"https:\/\/www.deutsche-gesellschaft-fuer-ordenskunde.de\/DGOWP\/?page_id=88"},"modified":"2026-01-29T22:31:04","modified_gmt":"2026-01-29T21:31:04","slug":"regionalgruppen","status":"publish","type":"page","link":"https:\/\/www.deutsche-gesellschaft-fuer-ordenskunde.de\/DGOWP\/regionalgruppen\/","title":{"rendered":"Regionalgruppen"},"content":{"rendered":"<h1><a href=\"https:\/\/www.deutsche-gesellschaft-fuer-ordenskunde.de\/DGOWP\/wp-content\/uploads\/2012\/09\/DGOBeitragLogo.jpg\"><img loading=\"lazy\" decoding=\"async\" class=\"size-full wp-image-2802 aligncenter\" src=\"https:\/\/www.deutsche-gesellschaft-fuer-ordenskunde.de\/DGOWP\/wp-content\/uploads\/2012\/09\/DGOBeitragLogo.jpg\" alt=\"\" width=\"1024\" height=\"111\" srcset=\"https:\/\/www.deutsche-gesellschaft-fuer-ordenskunde.de\/DGOWP\/wp-content\/uploads\/2012\/09\/DGOBeitragLogo.jpg 1024w, https:\/\/www.deutsche-gesellschaft-fuer-ordenskunde.de\/DGOWP\/wp-content\/uploads\/2012\/09\/DGOBeitragLogo-150x16.jpg 150w, https:\/\/www.deutsche-gesellschaft-fuer-ordenskunde.de\/DGOWP\/wp-content\/uploads\/2012\/09\/DGOBeitragLogo-300x33.jpg 300w, https:\/\/www.deutsche-gesellschaft-fuer-ordenskunde.de\/DGOWP\/wp-content\/uploads\/2012\/09\/DGOBeitragLogo-768x83.jpg 768w\" sizes=\"auto, (max-width: 706px) 89vw, (max-width: 767px) 82vw, 740px\" \/><\/a>Regionalgruppen<\/h1>\n<p>Hier sehen Sie alle Regionalgruppen der Deutschen Gesellschaft f\u00fcr Ordenskunde e.V.<\/p>\n <!-- start Fla-shop.com HTML5 Map --> <div class='freeHtmlMapright' style=''> <div id='map-container-0' class='freeHtmlMapContainer' data-map-variable='map0'><\/div> <link href='https:\/\/www.deutsche-gesellschaft-fuer-ordenskunde.de\/DGOWP\/wp-content\/plugins\/html5-maps\/static\/css\/map.css' rel='stylesheet'> <style> body .fm-tooltip { color: #000000; font-size: 20px; } <\/style> <script src='\/\/cdn.html5maps.com\/3d_party\/raphael.min.js'><\/script> <script src='https:\/\/www.deutsche-gesellschaft-fuer-ordenskunde.de\/DGOWP\/index.php?freemap_js_data=true&map_id=0&r=53766'><\/script> <script src='\/\/cdn.html5maps.com\/libs\/locator\/2.4.0\/germany\/map.js'><\/script> <script> var map0 = new FlaMap(map_cfg); map0.drawOnDomReady('map-container-0'); map0.on('click', function(ev, sid, map) { jQuery('#freeHtmlMapStateInfo0').html(''); var link = map.mapConfig.map_data[sid]['link']; if (link == '#info') { var id = map.mapConfig.map_data[sid]['id']; jQuery('#freeHtmlMapStateInfo0').html('Wird geladen\u00a0\u2026'); jQuery.ajax({ type: 'POST', url: 'https:\/\/www.deutsche-gesellschaft-fuer-ordenskunde.de\/DGOWP\/index.php?freemap_get_state_info='+id+'&map_id=0', success: function(data, textStatus, jqXHR){ jQuery('#freeHtmlMapStateInfo0').html(data); }, dataType: 'text' }); } }); <\/script> <div id='freeHtmlMapStateInfo0' class='freeHtmlMapStateInfo'><\/div> <\/div> <div style='clear: both'><\/div> <!-- end HTML5 Map --> \n<p><span style=\"color: #3366ff;\"><strong>Ein DGO &#8211; Flyer kann \u00fcber die Gesch\u00e4ftsstelle angefordert werden!<\/strong><\/span><\/p>\n<p>Wir bitten, uns die k\u00fcnftigen Termine rechtzeitig zur Verf\u00fcgung zu stellen!<br \/>Klicken Sie auf eine Stadt um n\u00e4here Informationen zu bekommen:<\/p>\n<h3>TERMINE<\/h3>\n<ul>\n<li><a href=\"https:\/\/www.deutsche-gesellschaft-fuer-ordenskunde.de\/DGOWP\/regionalgruppen\/regionalgruppe-allgaeu\/\">Allg\u00e4u<\/a><\/li>\n<li><a href=\"https:\/\/www.deutsche-gesellschaft-fuer-ordenskunde.de\/DGOWP\/regionalgruppe-berlin\/\">Berlin<\/a><\/li>\n<li><a href=\"https:\/\/www.deutsche-gesellschaft-fuer-ordenskunde.de\/DGOWP\/regionalgruppen\/regionalgruppe-donau-bodensee\/\">Donau-Bodensee<\/a><\/li>\n<li><a href=\"https:\/\/www.deutsche-gesellschaft-fuer-ordenskunde.de\/DGOWP\/regionalgruppen\/regionalgruppe-dresden\/\">Dresden<\/a><\/li>\n<li><a href=\"https:\/\/www.deutsche-gesellschaft-fuer-ordenskunde.de\/DGOWP\/regionalgruppen\/regionalgruppe-freiburg\/\">Freiburg (S\u00fcdbaden)<\/a><\/li>\n<li><a href=\"https:\/\/www.deutsche-gesellschaft-fuer-ordenskunde.de\/DGOWP\/regionalgruppen\/regionalgruppe-koln-bonn\/\">K\u00f6ln-Bonn<\/a><\/li>\n<li><a href=\"https:\/\/www.deutsche-gesellschaft-fuer-ordenskunde.de\/DGOWP\/regionalgruppen\/regionalgruppe-markranstadt\/\">Leipzig<\/a><\/li>\n<li><a href=\"https:\/\/www.deutsche-gesellschaft-fuer-ordenskunde.de\/DGOWP\/regionalgruppen\/regionalgruppe-naila-hochfranken\/\">Naila-Hochfranken<\/a><\/li>\n<li><a href=\"https:\/\/www.deutsche-gesellschaft-fuer-ordenskunde.de\/DGOWP\/regionalgruppen\/neuffen-teck\/\">Neuffen \/ Teck<\/a><\/li>\n<li><a href=\"https:\/\/www.deutsche-gesellschaft-fuer-ordenskunde.de\/DGOWP\/regionalgruppen\/regionalgruppe-neumunster\/\">Neum\u00fcnster<\/a><\/li>\n<li><a href=\"https:\/\/www.deutsche-gesellschaft-fuer-ordenskunde.de\/DGOWP\/regionalgruppen\/regionalgruppe-niederrhein-neuss-reuschenberg\/\">Niederrhein (Neuss-Reuschenberg)<\/a><\/li>\n<li><a href=\"https:\/\/www.deutsche-gesellschaft-fuer-ordenskunde.de\/DGOWP\/regionalgruppe-ostthueringen\/\">Ostth\u00fcringen<\/a><\/li>\n<li><a href=\"https:\/\/www.deutsche-gesellschaft-fuer-ordenskunde.de\/DGOWP\/regionalgruppen\/regionalgruppe-ludwigsburg-stuttgart\/\">Stuttgart-Bad Cannstatt<\/a><\/li>\n<\/ul>\n<h3>In Regionen, in denen keine Regionalgruppen bestehen, stehen Regionalbeauftrage f\u00fcr Anfragen zur Verf\u00fcgung<\/h3>\n<ul>\n<li><a href=\"https:\/\/www.deutsche-gesellschaft-fuer-ordenskunde.de\/DGOWP\/regionalgruppe-berlin-brandenburg\/\">Brandenburg<\/a><\/li>\n<li><a href=\"https:\/\/www.deutsche-gesellschaft-fuer-ordenskunde.de\/DGOWP\/regionalgruppen\/regionalgruppe-erfurt\/\">Erfurt<\/a><\/li>\n<li><a href=\"https:\/\/www.deutsche-gesellschaft-fuer-ordenskunde.de\/DGOWP\/regionalgruppen\/nordwuerttemberg\/\">Nordw\u00fcrttemberg<\/a><\/li>\n<li><a href=\"https:\/\/www.deutsche-gesellschaft-fuer-ordenskunde.de\/DGOWP\/regionalgruppen\/regionalgruppe-ratzeburg\/\">Ratzeburg<\/a><\/li>\n<li><a href=\"https:\/\/www.deutsche-gesellschaft-fuer-ordenskunde.de\/DGOWP\/regionalgruppen\/regionalgruppe-saarwellingen\/\">Saar<\/a><\/li>\n<li><a href=\"https:\/\/www.deutsche-gesellschaft-fuer-ordenskunde.de\/DGOWP\/regionalgruppen\/regionalbeauftragter-sudhessen\/\">S\u00fcdhessen<\/a><\/li>\n<li><a href=\"https:\/\/www.deutsche-gesellschaft-fuer-ordenskunde.de\/DGOWP\/regionalgruppen\/regionalbeauftragter-wolfsburg\/\">Wolfsburg\/Braunschweig<\/a><\/li>\n<\/ul>\n\n\n<p><\/p>\n","protected":false},"excerpt":{"rendered":"<p>Regionalgruppen Hier sehen Sie alle Regionalgruppen der Deutschen Gesellschaft f\u00fcr Ordenskunde e.V. Ein DGO &#8211; Flyer kann \u00fcber die Gesch\u00e4ftsstelle angefordert werden! Wir bitten, uns die k\u00fcnftigen Termine rechtzeitig zur Verf\u00fcgung zu stellen!Klicken Sie auf eine Stadt um n\u00e4here Informationen zu bekommen: TERMINE Allg\u00e4u Berlin Donau-Bodensee Dresden Freiburg (S\u00fcdbaden) K\u00f6ln-Bonn Leipzig Naila-Hochfranken Neuffen \/ Teck &hellip; <\/p>\n<p class=\"link-more\"><a href=\"https:\/\/www.deutsche-gesellschaft-fuer-ordenskunde.de\/DGOWP\/regionalgruppen\/\" class=\"more-link\"><span class=\"screen-reader-text\">\u201eRegionalgruppen\u201c <\/span>weiterlesen<\/a><\/p>\n","protected":false},"author":2,"featured_media":0,"parent":0,"menu_order":0,"comment_status":"closed","ping_status":"closed","template":"","meta":{"ngg_post_thumbnail":0,"footnotes":""},"class_list":["post-88","page","type-page","status-publish","hentry"],"_links":{"self":[{"href":"https:\/\/www.deutsche-gesellschaft-fuer-ordenskunde.de\/DGOWP\/wp-json\/wp\/v2\/pages\/88","targetHints":{"allow":["GET"]}}],"collection":[{"href":"https:\/\/www.deutsche-gesellschaft-fuer-ordenskunde.de\/DGOWP\/wp-json\/wp\/v2\/pages"}],"about":[{"href":"https:\/\/www.deutsche-gesellschaft-fuer-ordenskunde.de\/DGOWP\/wp-json\/wp\/v2\/types\/page"}],"author":[{"embeddable":true,"href":"https:\/\/www.deutsche-gesellschaft-fuer-ordenskunde.de\/DGOWP\/wp-json\/wp\/v2\/users\/2"}],"replies":[{"embeddable":true,"href":"https:\/\/www.deutsche-gesellschaft-fuer-ordenskunde.de\/DGOWP\/wp-json\/wp\/v2\/comments?post=88"}],"version-history":[{"count":2,"href":"https:\/\/www.deutsche-gesellschaft-fuer-ordenskunde.de\/DGOWP\/wp-json\/wp\/v2\/pages\/88\/revisions"}],"predecessor-version":[{"id":5260,"href":"https:\/\/www.deutsche-gesellschaft-fuer-ordenskunde.de\/DGOWP\/wp-json\/wp\/v2\/pages\/88\/revisions\/5260"}],"wp:attachment":[{"href":"https:\/\/www.deutsche-gesellschaft-fuer-ordenskunde.de\/DGOWP\/wp-json\/wp\/v2\/media?parent=88"}],"curies":[{"name":"wp","href":"https:\/\/api.w.org\/{rel}","templated":true}]}}