{"id":53,"date":"2012-09-10T09:38:03","date_gmt":"2012-09-10T09:38:03","guid":{"rendered":"https:\/\/www.deutsche-gesellschaft-fuer-ordenskunde.de\/DGOWP\/?page_id=53"},"modified":"2012-09-14T20:00:13","modified_gmt":"2012-09-14T20:00:13","slug":"2007-2","status":"publish","type":"page","link":"https:\/\/www.deutsche-gesellschaft-fuer-ordenskunde.de\/DGOWP\/dgo\/aktivitaten\/2007-2\/","title":{"rendered":"2007"},"content":{"rendered":"<h1>Gelungenes Symposium in Passau<\/h1>\n<p>Zum ersten Mal fand vom 04. bis 06. Mai 2007 ein gemeinsames Symposium mit unserem Nachbarverband der \u00d6sterreichischen Gesellschaft f\u00fcr Ordenskunde statt. Am Freitag Nachmittag trafen sich die Mitglieder im Passauer Hotel Jesuitenschl\u00f6\u00dfl, um nach einer Stadtf\u00fchrung mit dem 62. Bundestreffen des BDOS &#8211; Deutsche Gesellschaft f\u00fcr Ordenskunde e.V. zu beginnen. Rainer Keilbach berichtete aktuelles aus der Vereinsarbeit, so \u00fcber unl\u00e4ngst stattgefundene Ausstellungen sowie auch die Zusammenarbeit mit dem neuen Redakteur Herrn Dr. Adler. Schatzmeister Kebbel berichtete positiv \u00fcber die derzeitige Kassensituation. In direktem Anschlu\u00df hielt Karl Gattinger anl\u00e4\u00dflich des 250j\u00e4hrigen Stiftungsjubil\u00e4ums des Milit\u00e4r-Maria Theresien-Ordens ein Referat \u00fcber zwei ber\u00fchmte Heerf\u00fchrer aus den Franzosen- bzw. Befreiungskriegen als Milit\u00e4r-Maria Theresien-Ordensritter. Dies waren der preu\u00dfische Feldmarschall von Bl\u00fccher und der \u00f6sterreichische Feldmarschall Graf Radetzky von Radetz.<\/p>\n<div align=\"center\"><a href=\"https:\/\/www.deutsche-gesellschaft-fuer-ordenskunde.de\/DGOWP\/wp-content\/uploads\/2012\/09\/oed_bild1.jpg\"><img loading=\"lazy\" decoding=\"async\" class=\"aligncenter size-full wp-image-238\" title=\"oed_bild1\" src=\"https:\/\/www.deutsche-gesellschaft-fuer-ordenskunde.de\/DGOWP\/wp-content\/uploads\/2012\/09\/oed_bild1.jpg\" alt=\"\" width=\"500\" height=\"295\" srcset=\"https:\/\/www.deutsche-gesellschaft-fuer-ordenskunde.de\/DGOWP\/wp-content\/uploads\/2012\/09\/oed_bild1.jpg 500w, https:\/\/www.deutsche-gesellschaft-fuer-ordenskunde.de\/DGOWP\/wp-content\/uploads\/2012\/09\/oed_bild1-300x177.jpg 300w\" sizes=\"auto, (max-width: 500px) 100vw, 500px\" \/><\/a><small>Symposiums-Teilnehmer (Photo: Reiner Keilbach)<\/small><\/div>\n<p>Am Samstag lie\u00df unser Schirmherr, Herr Landrat Hanns Dorfner durch seinen Stellvertreter Herrn Kohl vor \u00fcber vierzig Teilnehmern das Gru\u00dfwort \u00fcberbringen. Herr Kohl war im Anschlu\u00df noch bei Vortr\u00e4gen zugegen und \u00e4u\u00dferte sich positiv \u00fcberrascht \u00fcber die Arbeiten und Forschungen. So f\u00fchrte uns Hartmut Rochowanski einige Beispiele von F\u00e4lschungen vor Augen. Als Besonderheit konnte er den Teilnehmern sogar Werkzeuge zur Herstellung vorzeigen. Rochowanski: &#8222;Alles was echt ist wird gef\u00e4lscht. Das f\u00e4ngt bei der Rolex an, h\u00f6rt aber noch lange nicht beim Orden auf&#8220;. Bereits unmittelbar nach Ende des 2. Weltkrieges gab es sogar amerikanische Kriegssouvenir-Abteilungen und St\u00fccke wurden ab Herbst 1945 wieder gefertigt.<\/p>\n<p>Dr. Dietrich Herfurth f\u00fchrte eine Betrachtung \u00fcber Originale und F\u00e4lschungen von sowjetischen Auszeichnungen durch. Herfurth sch\u00e4tzt dass sowjetische Orden und Ehrenzeichen bei \u00fcber zehntausend Sammlern weltweit im Mittelpunkt stehen. Viele F\u00e4lschungen sowjetischer Orden und Ehrenzeichen k\u00f6nnen von erfahrenen Sammlern auch durch die Nummerierungen und Gravuren erkannt werden. An dieser Stelle warnte Herfurth: &#8222;Gier verf\u00fchrt und ist ein schlechter Ratgeber&#8220; und riet die Sammlerleidenschaft zu z\u00fcgeln. Vor jedem Erwerb sollten immer ausreichende Grundkenntnisse erworben werden. Zwar ist diese Aussage nicht neu aber wird leider immer wieder nicht befolgt.<\/p>\n<p>Besonders beeindruckte im Anschluss Herr Dr. Robert Linke mit einem Einblick in seine T\u00e4tigkeit als Naturwissenschaftler. Dr. Linke arbeitet als Chemiker im \u00f6sterreichischen Bundesdenkmalamt. So k\u00f6nnen mit R\u00f6ntgenfluoreszenzanalysen zerst\u00f6rungsfreie Pr\u00fcfungen bei bestimmten Materialien durchgef\u00fchrt werden. Weiter werden zum Beispiel Isotopenanalysen verwendet, um bei Gold die Herkunft des Materials zu bestimmen. Im wei\u00dfen Email k\u00f6nnen zum Beispiel Eisengehalte bzw. Zinkgehalte ermittelt werden. Ein h\u00f6herer Aufwand stellt die Betrachtung der Mikrogef\u00fcge im Rasterelektronenmikroskop dar. Einfacher, jedoch recht teuer, ist eine Neutronenradiografie und f\u00fcr den Sammler derzeit noch nicht realisierbar. Grunds\u00e4tzliche M\u00f6glichkeiten der metallurgischen Untersuchungen sind nat\u00fcrlich Untersuchungen der Legierungsbestandteile oder die Feststellung von nat\u00fcrlicher oder k\u00fcnstlicher Patina. Ein besonderen Leckerbissen bei der F\u00e4lschungserkennung stellt dann die fouriertransformierte Infrarotmikroskopie dar. Diese erlaubt zerst\u00f6rungsfreie Lackcharakterisierung.<\/p>\n<p>Die Nachmittagsvortr\u00e4ge beschloss Uwe Bretzendorfer mit der Vorstellung einer aktuellen F\u00e4lschung, welche erst seit M\u00e4rz 2007 bekannt ist. Es handelt sich dabei um das erste Modell der baden-w\u00fcrttembergischen Lebensrettungsmedaille (siehe gesonderten Artikel von Uwe Bretzendorfer in diesem Heft).<\/p>\n<p>Bis zum Abendessen fand eine erste Diskussionsrunde mit dem Versuch der Abgrenzung von Begrifflichkeiten &#8222;Original&#8220; &#8211; &#8222;Kopie&#8220; &#8211; &#8222;F\u00e4lschung&#8220; in der Phaleristik statt. Eine rege, zahlreiche Teilnahme versprach ein entsprechendes Ergebnis zu bringen.<\/p>\n<p>Eine besondere \u00dcberraschung war die \u00dcberreichung einer gro\u00dfen Torte von beiden phaleristischen Verb\u00e4nden an Herrn Obermedizinalrat und Pr\u00e4sidenten der \u00f6sterreichischen Gesellschaft f\u00fcr Ordenskunde Herrn Walter Chiba anl\u00e4sslich seines 85. Geburtstages.<\/p>\n<p>Dr. Theophil Schindler er\u00f6ffnete den letzten Symposiumstag am Sonntag mit einem weiteren Beitrag zur F\u00e4lschungsthematik von aktuellen Lebensrettungsmedaillen aus Schleswig Holstein und Baden W\u00fcrttemberg. Danach ging es unmittelbar weiter mit der Diskussionsrunde des Vortages und es gelang noch vor dem Ende des Symposiums eine Definitionen als Meinungsbild zu Papier zu bringen.<\/p>\n<p>Im Ergebnis darf mitgeteilt werden, dass beide Verb\u00e4nde nicht nur neue Freunde, sondern auch Mitglieder gefunden haben und schon jetzt wurde vereinbart, im Jahr 2009 ein zweites deutsch-\u00f6sterreichisches Phaleristik-Symposium durchzuf\u00fchren.<\/p>\n<h1>Jahreshauptversammlung 2007 in Bad Arolsen<\/h1>\n<div align=\"center\"><a href=\"https:\/\/www.deutsche-gesellschaft-fuer-ordenskunde.de\/DGOWP\/wp-content\/uploads\/2012\/09\/jhv_2007_1.jpg\"><img loading=\"lazy\" decoding=\"async\" class=\"aligncenter size-full wp-image-239\" title=\"jhv_2007_1\" src=\"https:\/\/www.deutsche-gesellschaft-fuer-ordenskunde.de\/DGOWP\/wp-content\/uploads\/2012\/09\/jhv_2007_1.jpg\" alt=\"\" width=\"771\" height=\"382\" srcset=\"https:\/\/www.deutsche-gesellschaft-fuer-ordenskunde.de\/DGOWP\/wp-content\/uploads\/2012\/09\/jhv_2007_1.jpg 771w, https:\/\/www.deutsche-gesellschaft-fuer-ordenskunde.de\/DGOWP\/wp-content\/uploads\/2012\/09\/jhv_2007_1-300x148.jpg 300w, https:\/\/www.deutsche-gesellschaft-fuer-ordenskunde.de\/DGOWP\/wp-content\/uploads\/2012\/09\/jhv_2007_1-500x247.jpg 500w\" sizes=\"auto, (max-width: 706px) 89vw, (max-width: 767px) 82vw, 740px\" \/><\/a><\/div>\n<div align=\"center\">Die \u00dcberraschung war gro\u00df: Bereits am Vorabend der Jahreshauptversammlung am 22. September trafen unmittelbar nach der Pr\u00e4sidiumssitzung unerwartet viele G\u00e4ste ein. So fanden sich bereits \u00fcber 30 Teilnehmer am Freitag Abend im Gasthaus Teuteberger Hof zum gemeinsamen zwanglosen Gespr\u00e4ch.<\/div>\n<p>Am Samstag Morgen tagten s\u00e4mtliche Funktionstr\u00e4ger des Vereins. Die drei Hauptthemen waren:<\/p>\n<ul>\n<li>Gewinnung weiterer Aufs\u00e4tze f\u00fcr unser Vereinsmagazin<\/li>\n<li>St\u00e4rkere \u00d6ffentlichkeitsarbeit von allen Mitgliedern sowie<\/li>\n<li>Die Gewinnung von neuen Mitgliedern.<\/li>\n<\/ul>\n<p>Im Anschluss fuhren wir zum Residenzschloss, wo uns bereits Schirmherr Prinz Georg Friedrich zu Waldeck und Pyrmont erwartete. P\u00fcnktlich ging es zur F\u00fchrung durch das Schloss. Die Zahl der Teilnehmer war mittlerweile durch die Begleitpersonen auf \u00fcber 50 Personen angewachsen. Unser Schirmherr f\u00fchrte uns mit Humor und eigenem Scharm durch die R\u00e4umlichkeiten, welche auch von ihm fr\u00fcher einmal bewohnt wurden. Bei dieser kurzweiligen F\u00fchrung durch das Schloss wurde es erst recht spannend als wir in die Ausstellungsr\u00e4umlichkeit zu Orden und Ehrenzeichen gelangten. Hier fanden sich schlie\u00dflich die St\u00fccke, welche von Gerd Efler schon einmal in seinem Buch: Die Orden und Ehrenzeichen des F\u00fcrstentums Waldeck und Pyrmont ausf\u00fchrlich beschrieben wurden.<\/p>\n<p>Pr\u00e4sident Rainer Keilbach bedankte sich beim Schirmherr, welcher uns den kostenlosen Einlass ins Schloss erm\u00f6glicht hatte.<\/p>\n<p>Nach der Schlossbesichtigung ging es zur\u00fcck zum Mittagessen ins Hotel und zur anschlie\u00dfend gut besuchten Tauschb\u00f6rse, bei welcher so manches St\u00fcck einen neuen Besitzer gefunden hatte.<\/p>\n<p>\u00dcber die Jahreshauptversammlung welche im direkten Anschluss nach der B\u00f6rse stattgefunden hatte, wird ausf\u00fchrlich im Protokoll der Jahreshauptversammlung separat berichtet.<\/p>\n<p>Nach dem Abendessen fanden die Ehrungen statt. Zun\u00e4chst konnten zahlreiche Mitglieder f\u00fcr 25- und 10- j\u00e4hrige Mitglied-Schaft ausgezeichnet werden.<\/p>\n<p>Die Verdienstmedaille in Silber wurde dem fr\u00fcheren stellvertretenden Pr\u00e4sidenten Klaus J\u00e4ger verliehen werden w\u00e4hrend Ministerialrat a.D. Walter Rosenwald mit der goldenen Verdienstmedaille ausgezeichnet wurde. Zur Verleihung des von-Hessenthal-Preises f\u00fcr Phaleristik an den Vorsitzenden des Wissenschaftlichen Beirates Dr. Dietrich Herfurth hatten wir bereits kurz berichtet.<\/p>\n<p>Die Laudatio von Prof. Dr. Henning finden Sie in dieser Ausgabe unseres Vereinsmagazins. Der Festvortrag von Gert Efler: &#8222;Ludwig Boedicker &#8211; ein hessischer Offizier in den Wirren der napoleonischen Zeit&#8220; fand gro\u00dfen Zuspruch und rundete die Veranstaltung in einem harmonischen Rahmen ab.<\/p>\n<p>Alles in Allem darf dies erneut als eine gelungene Veranstaltung gesehen werden, welche nicht zuletzt rechtzeitig im Vorfeld von unserem langj\u00e4hrigen Mitglied und Inhaber der goldenen Verdienstmedaille des BDOS &#8211; Deutsche Gesellschaft f\u00fcr Ordenskunde e.V. Gerd Efler organisiert wurde. Herrn Efler an dieser Stelle daher nochmals ein herzliches Dankesch\u00f6n. Auf ein Wiedersehen bei der Jahreshauptversammlung 2008 in Altenburg freuen wir uns bereits jetzt.<\/p>\n","protected":false},"excerpt":{"rendered":"<p>Gelungenes Symposium in Passau Zum ersten Mal fand vom 04. bis 06. Mai 2007 ein gemeinsames Symposium mit unserem Nachbarverband der \u00d6sterreichischen Gesellschaft f\u00fcr Ordenskunde statt. Am Freitag Nachmittag trafen sich die Mitglieder im Passauer Hotel Jesuitenschl\u00f6\u00dfl, um nach einer Stadtf\u00fchrung mit dem 62. Bundestreffen des BDOS &#8211; Deutsche Gesellschaft f\u00fcr Ordenskunde e.V. zu beginnen. &hellip; <\/p>\n<p class=\"link-more\"><a href=\"https:\/\/www.deutsche-gesellschaft-fuer-ordenskunde.de\/DGOWP\/dgo\/aktivitaten\/2007-2\/\" class=\"more-link\"><span class=\"screen-reader-text\">\u201e2007\u201c <\/span>weiterlesen<\/a><\/p>\n","protected":false},"author":2,"featured_media":0,"parent":50,"menu_order":0,"comment_status":"closed","ping_status":"closed","template":"","meta":{"ngg_post_thumbnail":0,"footnotes":""},"class_list":["post-53","page","type-page","status-publish","hentry"],"_links":{"self":[{"href":"https:\/\/www.deutsche-gesellschaft-fuer-ordenskunde.de\/DGOWP\/wp-json\/wp\/v2\/pages\/53","targetHints":{"allow":["GET"]}}],"collection":[{"href":"https:\/\/www.deutsche-gesellschaft-fuer-ordenskunde.de\/DGOWP\/wp-json\/wp\/v2\/pages"}],"about":[{"href":"https:\/\/www.deutsche-gesellschaft-fuer-ordenskunde.de\/DGOWP\/wp-json\/wp\/v2\/types\/page"}],"author":[{"embeddable":true,"href":"https:\/\/www.deutsche-gesellschaft-fuer-ordenskunde.de\/DGOWP\/wp-json\/wp\/v2\/users\/2"}],"replies":[{"embeddable":true,"href":"https:\/\/www.deutsche-gesellschaft-fuer-ordenskunde.de\/DGOWP\/wp-json\/wp\/v2\/comments?post=53"}],"version-history":[{"count":0,"href":"https:\/\/www.deutsche-gesellschaft-fuer-ordenskunde.de\/DGOWP\/wp-json\/wp\/v2\/pages\/53\/revisions"}],"up":[{"embeddable":true,"href":"https:\/\/www.deutsche-gesellschaft-fuer-ordenskunde.de\/DGOWP\/wp-json\/wp\/v2\/pages\/50"}],"wp:attachment":[{"href":"https:\/\/www.deutsche-gesellschaft-fuer-ordenskunde.de\/DGOWP\/wp-json\/wp\/v2\/media?parent=53"}],"curies":[{"name":"wp","href":"https:\/\/api.w.org\/{rel}","templated":true}]}}

<h1>Gelungenes Symposium in Passau</h1>
<p>Zum ersten Mal fand vom 04. bis 06. Mai 2007 ein gemeinsames Symposium mit unserem Nachbarverband der Österreichischen Gesellschaft für Ordenskunde statt. Am Freitag Nachmittag trafen sich die Mitglieder im Passauer Hotel Jesuitenschlößl, um nach einer Stadtführung mit dem 62. Bundestreffen des BDOS &#8211; Deutsche Gesellschaft für Ordenskunde e.V. zu beginnen. Rainer Keilbach berichtete aktuelles aus der Vereinsarbeit, so über unlängst stattgefundene Ausstellungen sowie auch die Zusammenarbeit mit dem neuen Redakteur Herrn Dr. Adler. Schatzmeister Kebbel berichtete positiv über die derzeitige Kassensituation. In direktem Anschluß hielt Karl Gattinger anläßlich des 250jährigen Stiftungsjubiläums des Militär-Maria Theresien-Ordens ein Referat über zwei berühmte Heerführer aus den Franzosen- bzw. Befreiungskriegen als Militär-Maria Theresien-Ordensritter. Dies waren der preußische Feldmarschall von Blücher und der österreichische Feldmarschall Graf Radetzky von Radetz.</p>
<div align="center"><a href="https://www.deutsche-gesellschaft-fuer-ordenskunde.de/DGOWP/wp-content/uploads/2012/09/oed_bild1.jpg"><img loading="lazy" decoding="async" class="aligncenter size-full wp-image-238" title="oed_bild1" src="https://www.deutsche-gesellschaft-fuer-ordenskunde.de/DGOWP/wp-content/uploads/2012/09/oed_bild1.jpg" alt="" width="500" height="295" srcset="https://www.deutsche-gesellschaft-fuer-ordenskunde.de/DGOWP/wp-content/uploads/2012/09/oed_bild1.jpg 500w, https://www.deutsche-gesellschaft-fuer-ordenskunde.de/DGOWP/wp-content/uploads/2012/09/oed_bild1-300x177.jpg 300w" sizes="auto, (max-width: 500px) 100vw, 500px" /></a><small>Symposiums-Teilnehmer (Photo: Reiner Keilbach)</small></div>
<p>Am Samstag ließ unser Schirmherr, Herr Landrat Hanns Dorfner durch seinen Stellvertreter Herrn Kohl vor über vierzig Teilnehmern das Grußwort überbringen. Herr Kohl war im Anschluß noch bei Vorträgen zugegen und äußerte sich positiv überrascht über die Arbeiten und Forschungen. So führte uns Hartmut Rochowanski einige Beispiele von Fälschungen vor Augen. Als Besonderheit konnte er den Teilnehmern sogar Werkzeuge zur Herstellung vorzeigen. Rochowanski: &#8222;Alles was echt ist wird gefälscht. Das fängt bei der Rolex an, hört aber noch lange nicht beim Orden auf&#8220;. Bereits unmittelbar nach Ende des 2. Weltkrieges gab es sogar amerikanische Kriegssouvenir-Abteilungen und Stücke wurden ab Herbst 1945 wieder gefertigt.</p>
<p>Dr. Dietrich Herfurth führte eine Betrachtung über Originale und Fälschungen von sowjetischen Auszeichnungen durch. Herfurth schätzt dass sowjetische Orden und Ehrenzeichen bei über zehntausend Sammlern weltweit im Mittelpunkt stehen. Viele Fälschungen sowjetischer Orden und Ehrenzeichen können von erfahrenen Sammlern auch durch die Nummerierungen und Gravuren erkannt werden. An dieser Stelle warnte Herfurth: &#8222;Gier verführt und ist ein schlechter Ratgeber&#8220; und riet die Sammlerleidenschaft zu zügeln. Vor jedem Erwerb sollten immer ausreichende Grundkenntnisse erworben werden. Zwar ist diese Aussage nicht neu aber wird leider immer wieder nicht befolgt.</p>
<p>Besonders beeindruckte im Anschluss Herr Dr. Robert Linke mit einem Einblick in seine Tätigkeit als Naturwissenschaftler. Dr. Linke arbeitet als Chemiker im österreichischen Bundesdenkmalamt. So können mit Röntgenfluoreszenzanalysen zerstörungsfreie Prüfungen bei bestimmten Materialien durchgeführt werden. Weiter werden zum Beispiel Isotopenanalysen verwendet, um bei Gold die Herkunft des Materials zu bestimmen. Im weißen Email können zum Beispiel Eisengehalte bzw. Zinkgehalte ermittelt werden. Ein höherer Aufwand stellt die Betrachtung der Mikrogefüge im Rasterelektronenmikroskop dar. Einfacher, jedoch recht teuer, ist eine Neutronenradiografie und für den Sammler derzeit noch nicht realisierbar. Grundsätzliche Möglichkeiten der metallurgischen Untersuchungen sind natürlich Untersuchungen der Legierungsbestandteile oder die Feststellung von natürlicher oder künstlicher Patina. Ein besonderen Leckerbissen bei der Fälschungserkennung stellt dann die fouriertransformierte Infrarotmikroskopie dar. Diese erlaubt zerstörungsfreie Lackcharakterisierung.</p>
<p>Die Nachmittagsvorträge beschloss Uwe Bretzendorfer mit der Vorstellung einer aktuellen Fälschung, welche erst seit März 2007 bekannt ist. Es handelt sich dabei um das erste Modell der baden-württembergischen Lebensrettungsmedaille (siehe gesonderten Artikel von Uwe Bretzendorfer in diesem Heft).</p>
<p>Bis zum Abendessen fand eine erste Diskussionsrunde mit dem Versuch der Abgrenzung von Begrifflichkeiten &#8222;Original&#8220; &#8211; &#8222;Kopie&#8220; &#8211; &#8222;Fälschung&#8220; in der Phaleristik statt. Eine rege, zahlreiche Teilnahme versprach ein entsprechendes Ergebnis zu bringen.</p>
<p>Eine besondere Überraschung war die Überreichung einer großen Torte von beiden phaleristischen Verbänden an Herrn Obermedizinalrat und Präsidenten der österreichischen Gesellschaft für Ordenskunde Herrn Walter Chiba anlässlich seines 85. Geburtstages.</p>
<p>Dr. Theophil Schindler eröffnete den letzten Symposiumstag am Sonntag mit einem weiteren Beitrag zur Fälschungsthematik von aktuellen Lebensrettungsmedaillen aus Schleswig Holstein und Baden Württemberg. Danach ging es unmittelbar weiter mit der Diskussionsrunde des Vortages und es gelang noch vor dem Ende des Symposiums eine Definitionen als Meinungsbild zu Papier zu bringen.</p>
<p>Im Ergebnis darf mitgeteilt werden, dass beide Verbände nicht nur neue Freunde, sondern auch Mitglieder gefunden haben und schon jetzt wurde vereinbart, im Jahr 2009 ein zweites deutsch-österreichisches Phaleristik-Symposium durchzuführen.</p>
<h1>Jahreshauptversammlung 2007 in Bad Arolsen</h1>
<div align="center"><a href="https://www.deutsche-gesellschaft-fuer-ordenskunde.de/DGOWP/wp-content/uploads/2012/09/jhv_2007_1.jpg"><img loading="lazy" decoding="async" class="aligncenter size-full wp-image-239" title="jhv_2007_1" src="https://www.deutsche-gesellschaft-fuer-ordenskunde.de/DGOWP/wp-content/uploads/2012/09/jhv_2007_1.jpg" alt="" width="771" height="382" srcset="https://www.deutsche-gesellschaft-fuer-ordenskunde.de/DGOWP/wp-content/uploads/2012/09/jhv_2007_1.jpg 771w, https://www.deutsche-gesellschaft-fuer-ordenskunde.de/DGOWP/wp-content/uploads/2012/09/jhv_2007_1-300x148.jpg 300w, https://www.deutsche-gesellschaft-fuer-ordenskunde.de/DGOWP/wp-content/uploads/2012/09/jhv_2007_1-500x247.jpg 500w" sizes="auto, (max-width: 706px) 89vw, (max-width: 767px) 82vw, 740px" /></a></div>
<div align="center">Die Überraschung war groß: Bereits am Vorabend der Jahreshauptversammlung am 22. September trafen unmittelbar nach der Präsidiumssitzung unerwartet viele Gäste ein. So fanden sich bereits über 30 Teilnehmer am Freitag Abend im Gasthaus Teuteberger Hof zum gemeinsamen zwanglosen Gespräch.</div>
<p>Am Samstag Morgen tagten sämtliche Funktionsträger des Vereins. Die drei Hauptthemen waren:</p>
<ul>
<li>Gewinnung weiterer Aufsätze für unser Vereinsmagazin</li>
<li>Stärkere Öffentlichkeitsarbeit von allen Mitgliedern sowie</li>
<li>Die Gewinnung von neuen Mitgliedern.</li>
</ul>
<p>Im Anschluss fuhren wir zum Residenzschloss, wo uns bereits Schirmherr Prinz Georg Friedrich zu Waldeck und Pyrmont erwartete. Pünktlich ging es zur Führung durch das Schloss. Die Zahl der Teilnehmer war mittlerweile durch die Begleitpersonen auf über 50 Personen angewachsen. Unser Schirmherr führte uns mit Humor und eigenem Scharm durch die Räumlichkeiten, welche auch von ihm früher einmal bewohnt wurden. Bei dieser kurzweiligen Führung durch das Schloss wurde es erst recht spannend als wir in die Ausstellungsräumlichkeit zu Orden und Ehrenzeichen gelangten. Hier fanden sich schließlich die Stücke, welche von Gerd Efler schon einmal in seinem Buch: Die Orden und Ehrenzeichen des Fürstentums Waldeck und Pyrmont ausführlich beschrieben wurden.</p>
<p>Präsident Rainer Keilbach bedankte sich beim Schirmherr, welcher uns den kostenlosen Einlass ins Schloss ermöglicht hatte.</p>
<p>Nach der Schlossbesichtigung ging es zurück zum Mittagessen ins Hotel und zur anschließend gut besuchten Tauschbörse, bei welcher so manches Stück einen neuen Besitzer gefunden hatte.</p>
<p>Über die Jahreshauptversammlung welche im direkten Anschluss nach der Börse stattgefunden hatte, wird ausführlich im Protokoll der Jahreshauptversammlung separat berichtet.</p>
<p>Nach dem Abendessen fanden die Ehrungen statt. Zunächst konnten zahlreiche Mitglieder für 25- und 10- jährige Mitglied-Schaft ausgezeichnet werden.</p>
<p>Die Verdienstmedaille in Silber wurde dem früheren stellvertretenden Präsidenten Klaus Jäger verliehen werden während Ministerialrat a.D. Walter Rosenwald mit der goldenen Verdienstmedaille ausgezeichnet wurde. Zur Verleihung des von-Hessenthal-Preises für Phaleristik an den Vorsitzenden des Wissenschaftlichen Beirates Dr. Dietrich Herfurth hatten wir bereits kurz berichtet.</p>
<p>Die Laudatio von Prof. Dr. Henning finden Sie in dieser Ausgabe unseres Vereinsmagazins. Der Festvortrag von Gert Efler: &#8222;Ludwig Boedicker &#8211; ein hessischer Offizier in den Wirren der napoleonischen Zeit&#8220; fand großen Zuspruch und rundete die Veranstaltung in einem harmonischen Rahmen ab.</p>
<p>Alles in Allem darf dies erneut als eine gelungene Veranstaltung gesehen werden, welche nicht zuletzt rechtzeitig im Vorfeld von unserem langjährigen Mitglied und Inhaber der goldenen Verdienstmedaille des BDOS &#8211; Deutsche Gesellschaft für Ordenskunde e.V. Gerd Efler organisiert wurde. Herrn Efler an dieser Stelle daher nochmals ein herzliches Dankeschön. Auf ein Wiedersehen bei der Jahreshauptversammlung 2008 in Altenburg freuen wir uns bereits jetzt.</p>

<p>Gelungenes Symposium in Passau Zum ersten Mal fand vom 04. bis 06. Mai 2007 ein gemeinsames Symposium mit unserem Nachbarverband der Österreichischen Gesellschaft für Ordenskunde statt. Am Freitag Nachmittag trafen sich die Mitglieder im Passauer Hotel Jesuitenschlößl, um nach einer Stadtführung mit dem 62. Bundestreffen des BDOS &#8211; Deutsche Gesellschaft für Ordenskunde e.V. zu beginnen. &hellip; </p>
<p class="link-more"><a href="https://www.deutsche-gesellschaft-fuer-ordenskunde.de/DGOWP/dgo/aktivitaten/2007-2/" class="more-link"><span class="screen-reader-text">„2007“ </span>weiterlesen</a></p>
