{"id":2155,"date":"2015-03-07T13:42:17","date_gmt":"2015-03-07T13:42:17","guid":{"rendered":"https:\/\/www.deutsche-gesellschaft-fuer-ordenskunde.de\/DGOWP\/?page_id=2155"},"modified":"2026-03-13T11:18:27","modified_gmt":"2026-03-13T10:18:27","slug":"daniel-krause","status":"publish","type":"page","link":"https:\/\/www.deutsche-gesellschaft-fuer-ordenskunde.de\/DGOWP\/dgo\/wissenschaftlicher-beirat\/daniel-krause\/","title":{"rendered":"Daniel Krause"},"content":{"rendered":"<h1 style=\"text-align: center;\">Daniel Krause<\/h1>\n<p style=\"text-align: center;\"><a href=\"https:\/\/www.deutsche-gesellschaft-fuer-ordenskunde.de\/DGOWP\/wp-content\/uploads\/2015\/03\/Krause.jpg\"><img loading=\"lazy\" decoding=\"async\" class=\"alignnone size-full wp-image-2157\" src=\"https:\/\/www.deutsche-gesellschaft-fuer-ordenskunde.de\/DGOWP\/wp-content\/uploads\/2015\/03\/Krause.jpg\" alt=\"Krause\" width=\"500\" height=\"643\" srcset=\"https:\/\/www.deutsche-gesellschaft-fuer-ordenskunde.de\/DGOWP\/wp-content\/uploads\/2015\/03\/Krause.jpg 500w, https:\/\/www.deutsche-gesellschaft-fuer-ordenskunde.de\/DGOWP\/wp-content\/uploads\/2015\/03\/Krause-117x150.jpg 117w, https:\/\/www.deutsche-gesellschaft-fuer-ordenskunde.de\/DGOWP\/wp-content\/uploads\/2015\/03\/Krause-233x300.jpg 233w\" sizes=\"auto, (max-width: 500px) 100vw, 500px\" \/><\/a><\/p>\n<p>Jg. 1973, seit 1992 bei der Bundeswehr, Berufssoldat der Luftwaffe, mehrere Auslands- und Katastropheneins\u00e4tze.<\/p>\n<p>Seit 1990 Mitglied der DGO e. V., 2010-2021 Vizepr\u00e4sident, 2021-2025 Pr\u00e4sident Forschungsschwerpunkte: Ordenstr\u00e4ger-Recherche und -Identifizierung, Erstellung von Verleihungslisten speziell zu Orden und Ehrenzeichen des Ersten Weltkrieges, mehrfach Referent bei den Phaleristik-Symposien, Herausgeber und Mitautor der Reihe \u201eStatistische Ausarbeitungen zur Phaleristik Deutschlands\u201c<\/p>\n<p><strong>Ordenskundliche Publikationen (Auswahl):<\/strong><\/p>\n<p>\u2013 Richard Lundstr\u00f6m, Daniel Krause, Verleihungen von milit\u00e4rischen Orden und Ehrenzeichen des Gro\u00dfherzogtums Sachsen(-Weimar) im Ersten Weltkrieg, Konstanz 2008.<\/p>\n<p>\u2013 Erhard Roth, Richard Lundstr\u00f6m, Daniel Krause, Verleihungen von milit\u00e4rischen Orden und Ehrenzeichen des F\u00fcrstentums Waldeck im Ersten Weltkrieg 1914\u20131918, Konstanz 2008.<\/p>\n<p>\u2013 Richard Lundstr\u00f6m, Daniel Krause, Verleihungen von milit\u00e4rischen Orden und Ehrenzeichen der Ernestinischen Herzogt\u00fcmer Sachsen-Altenburg, Sachsen-Coburg und Gotha und Sachsen-Meiningen im Ersten Weltkrieg 1914\u20131918, Konstanz 2008.<\/p>\n<p>\u2013 Richard Lundstr\u00f6m, Daniel Krause, Verleihungen des F\u00fcrstlichen Hausordens von Hohenzollern mit Schwertern und der Goldenen Ehrenmedaille mit Schwertern 1914\u20131947, Konstanz 2008.<\/p>\n<p>\u2013 Verleihungen von nicht-w\u00fcrttembergischen Auszeichnungen an Angeh\u00f6rige der K\u00f6niglich W\u00fcrttembergischen Armee im Ersten Weltkrieg 1914\u20131918, Konstanz 2008.<\/p>\n<p>\u2013 Lundstr\u00f6m, Richard (\u2020) und Krause, Daniel; Verleihungen von milit\u00e4rischen Ehrenzeichen des Gro\u00dfherzogtums Mecklenburg \u2013 Strelitz 1914-1918, Konstanz 2014.<\/p>\n<p>\u2013 Ernst Vollbehr \u2013 der Maler im vordersten Kampfgraben, in: MILITARIA, Jg. 2005, Heft 2, S. 47\u201350.<\/p>\n<p>\u2013 Das Kreuz der Inhaber mit Schwertern des K\u00f6niglichen Hausordens von Hohenzollern, in: MILITARIA, Jg. 2006, Heft 6, S. 208\u2013212.<\/p>\n<p>\u2013 Erkenntnisse aus den neuen Verleihungslisten zu Auszeichnungen des Ersten Weltkrieges, in: OuE-Magazin 58 (Dezember 2008), S. 329\u2013331.<\/p>\n<p>\u2013 Daniel Krause, Peter Sauerwald, Erast Schuberski, Die Auszeichnungsspange eines \u2013 unbekannten? \u2013 preu\u00dfischen Offiziers, in: OuE-Magazin 54 (April 2008), S. 68\u201372.<\/p>\n<p>\u2013 Peter Sauerwald, Daniel Krause, Interessante historische ordenskundliche Realien mit gesichertem Personenbezug, in: OuE-Magazin 79 (August 2012), S. 132\u2013136.<\/p>\n<p>\u2013 Oberstleutnant Karl Schumann in seiner Zeit als Adjutant von General Robert Kosch, in: OuE-Magazin 81 (Oktober 2012), S. 276\u2013278.<\/p>\n<p>\u2013 Die Erinnerungszeichen f\u00fcr die Adjutanten der deutschen Kaiser, in: OuE-Magazin 104 (August 2016) S.182-194<\/p>\n<p>\u2013 Annahme und Tragen ausl\u00e4ndischer Orden in der Bundeswehr und die neue Anzugordnung f\u00fcr die Soldatinnen und Soldaten \u2013 eine ordenskundliche Zusammenfassung, in OuE-Magazin 18. Jg., Nr. 109 (Juni 2017) S.157f<\/p>\n<p>\u2013 Wiederholte Ehrungen von Rettungstaten in Preu\u00dfen; in \u201eF\u00fcr Rettung aus Lebensgefahr\u201c \u2013 Begleitheft zur Ausstellung (Schlossmuseum Altenburg 2017) S. 48-50<\/p>\n<p>\u2013 General Johannes Aloys Schabel \u2013 Artilleriekommandeur vor Verdun; in OuE-Magazin 20. Jg., Nr. 116 (August 2018) S.221ff<\/p>\n<p>\u2013 Ein Leben f\u00fcr die Post; in OuE-Magazin 20. Jg., Nr. 119 (Februar 2019) S. 33ff<\/p>\n<p>\u2013 Ein besonderes phaleristisches Objekt \u2013 die Widmungsplatte f\u00fcr Friedrich Wilhelm Besser; in OuE-Magazin 22. Jg., Nr. 126 (April 2020) S. 108f<\/p>\n<p>\u2013 Der \u00dcberrock und sein phaleristisches Zierrat; in OuE-Magazin 22. Jg., Nr. 128 (August 2020) S. 231f<\/p>\n<p>\u2013 Manchmal dauert es etwas l\u00e4nger \u2013 Warum Georg Wetzells kleine Ordensschnalle etwas komplizierter war als andere, in OuE-Magazin, 24.Jg, Nr. 139, S.166ff<\/p>\n<p>\u2013&nbsp; Die Verleihungen preu\u00dfischer Kriegsorden im 1. Weltkrieg \u2013 der Versuch einer Analyse, in OuE-Magazin, 25.Jg., Nr. 143, S.12ff<\/p>\n<p>\u2013 Die Lieferanten und Hersteller des Erinnerungszeichens f\u00fcr 25 und 40 vorwurfsfreie Dienstjahre von Bediensteten der Staatseisenbahnverwaltung, in OuE-Magazin, 25.Jg., Nr. 145, S.150ff<\/p>\n<p>&nbsp;<\/p>\n\n\n<p><\/p>\n","protected":false},"excerpt":{"rendered":"<p>Daniel Krause Jg. 1973, seit 1992 bei der Bundeswehr, Berufssoldat der Luftwaffe, mehrere Auslands- und Katastropheneins\u00e4tze. Seit 1990 Mitglied der DGO e. V., 2010-2021 Vizepr\u00e4sident, 2021-2025 Pr\u00e4sident Forschungsschwerpunkte: Ordenstr\u00e4ger-Recherche und -Identifizierung, Erstellung von Verleihungslisten speziell zu Orden und Ehrenzeichen des Ersten Weltkrieges, mehrfach Referent bei den Phaleristik-Symposien, Herausgeber und Mitautor der Reihe \u201eStatistische Ausarbeitungen zur &hellip; <\/p>\n<p class=\"link-more\"><a href=\"https:\/\/www.deutsche-gesellschaft-fuer-ordenskunde.de\/DGOWP\/dgo\/wissenschaftlicher-beirat\/daniel-krause\/\" class=\"more-link\"><span class=\"screen-reader-text\">\u201eDaniel Krause\u201c <\/span>weiterlesen<\/a><\/p>\n","protected":false},"author":2,"featured_media":0,"parent":76,"menu_order":0,"comment_status":"closed","ping_status":"closed","template":"","meta":{"ngg_post_thumbnail":0,"footnotes":""},"class_list":["post-2155","page","type-page","status-publish","hentry"],"_links":{"self":[{"href":"https:\/\/www.deutsche-gesellschaft-fuer-ordenskunde.de\/DGOWP\/wp-json\/wp\/v2\/pages\/2155","targetHints":{"allow":["GET"]}}],"collection":[{"href":"https:\/\/www.deutsche-gesellschaft-fuer-ordenskunde.de\/DGOWP\/wp-json\/wp\/v2\/pages"}],"about":[{"href":"https:\/\/www.deutsche-gesellschaft-fuer-ordenskunde.de\/DGOWP\/wp-json\/wp\/v2\/types\/page"}],"author":[{"embeddable":true,"href":"https:\/\/www.deutsche-gesellschaft-fuer-ordenskunde.de\/DGOWP\/wp-json\/wp\/v2\/users\/2"}],"replies":[{"embeddable":true,"href":"https:\/\/www.deutsche-gesellschaft-fuer-ordenskunde.de\/DGOWP\/wp-json\/wp\/v2\/comments?post=2155"}],"version-history":[{"count":1,"href":"https:\/\/www.deutsche-gesellschaft-fuer-ordenskunde.de\/DGOWP\/wp-json\/wp\/v2\/pages\/2155\/revisions"}],"predecessor-version":[{"id":5271,"href":"https:\/\/www.deutsche-gesellschaft-fuer-ordenskunde.de\/DGOWP\/wp-json\/wp\/v2\/pages\/2155\/revisions\/5271"}],"up":[{"embeddable":true,"href":"https:\/\/www.deutsche-gesellschaft-fuer-ordenskunde.de\/DGOWP\/wp-json\/wp\/v2\/pages\/76"}],"wp:attachment":[{"href":"https:\/\/www.deutsche-gesellschaft-fuer-ordenskunde.de\/DGOWP\/wp-json\/wp\/v2\/media?parent=2155"}],"curies":[{"name":"wp","href":"https:\/\/api.w.org\/{rel}","templated":true}]}}