{"id":2004,"date":"2014-10-02T14:53:06","date_gmt":"2014-10-02T14:53:06","guid":{"rendered":"https:\/\/www.deutsche-gesellschaft-fuer-ordenskunde.de\/DGOWP\/?page_id=2004"},"modified":"2015-02-23T17:23:22","modified_gmt":"2015-02-23T17:23:22","slug":"2014-2","status":"publish","type":"page","link":"https:\/\/www.deutsche-gesellschaft-fuer-ordenskunde.de\/DGOWP\/dgo\/aktivitaten\/2014-2\/","title":{"rendered":"2014"},"content":{"rendered":"<h2 style=\"text-align: justify;\">Jubil\u00e4umsveranstaltung \u2013 40 Jahre DGO e.V.<\/h2>\n<p style=\"text-align: justify;\"><a href=\"https:\/\/www.deutsche-gesellschaft-fuer-ordenskunde.de\/DGOWP\/wp-content\/uploads\/2014\/10\/Dresden.jpg\"><img loading=\"lazy\" decoding=\"async\" class=\"alignnone size-full wp-image-2022\" src=\"https:\/\/www.deutsche-gesellschaft-fuer-ordenskunde.de\/DGOWP\/wp-content\/uploads\/2014\/10\/Dresden.jpg\" alt=\"Dresden\" width=\"864\" height=\"362\" srcset=\"https:\/\/www.deutsche-gesellschaft-fuer-ordenskunde.de\/DGOWP\/wp-content\/uploads\/2014\/10\/Dresden.jpg 864w, https:\/\/www.deutsche-gesellschaft-fuer-ordenskunde.de\/DGOWP\/wp-content\/uploads\/2014\/10\/Dresden-150x62.jpg 150w, https:\/\/www.deutsche-gesellschaft-fuer-ordenskunde.de\/DGOWP\/wp-content\/uploads\/2014\/10\/Dresden-300x125.jpg 300w\" sizes=\"auto, (max-width: 706px) 89vw, (max-width: 767px) 82vw, 740px\" \/><\/a><\/p>\n<p style=\"text-align: justify;\">Die Jubil\u00e4umsveranstaltung \u2013 40 Jahre DGO e.V.\u00a0 fand am 25. \u2013 28.09.2014 in Dresden statt.<\/p>\n<p style=\"text-align: justify;\"><a href=\"https:\/\/www.deutsche-gesellschaft-fuer-ordenskunde.de\/DGOWP\/wp-content\/uploads\/2014\/10\/Gruppe.jpg\"><img loading=\"lazy\" decoding=\"async\" class=\"alignnone size-full wp-image-2013\" src=\"https:\/\/www.deutsche-gesellschaft-fuer-ordenskunde.de\/DGOWP\/wp-content\/uploads\/2014\/10\/Gruppe.jpg\" alt=\"Gruppe\" width=\"679\" height=\"507\" srcset=\"https:\/\/www.deutsche-gesellschaft-fuer-ordenskunde.de\/DGOWP\/wp-content\/uploads\/2014\/10\/Gruppe.jpg 679w, https:\/\/www.deutsche-gesellschaft-fuer-ordenskunde.de\/DGOWP\/wp-content\/uploads\/2014\/10\/Gruppe-150x112.jpg 150w, https:\/\/www.deutsche-gesellschaft-fuer-ordenskunde.de\/DGOWP\/wp-content\/uploads\/2014\/10\/Gruppe-300x224.jpg 300w\" sizes=\"auto, (max-width: 679px) 100vw, 679px\" \/><\/a><\/p>\n<p style=\"text-align: justify;\">Wie auf der Mitgliederversammlung (MGV-2013) in Celle beschlossen, fand im Herbst neben der anstehenden MGV in Ingolstadt eine Jubil\u00e4umsveranstaltung zum 40-j\u00e4hrigen Bestehen des Vereins in Dresden statt.<\/p>\n<p style=\"text-align: justify;\"><a href=\"https:\/\/www.deutsche-gesellschaft-fuer-ordenskunde.de\/DGOWP\/wp-content\/uploads\/2014\/10\/Vortrag.jpg\"><img loading=\"lazy\" decoding=\"async\" class=\"alignnone size-full wp-image-2014\" src=\"https:\/\/www.deutsche-gesellschaft-fuer-ordenskunde.de\/DGOWP\/wp-content\/uploads\/2014\/10\/Vortrag.jpg\" alt=\"Vortrag\" width=\"600\" height=\"450\" srcset=\"https:\/\/www.deutsche-gesellschaft-fuer-ordenskunde.de\/DGOWP\/wp-content\/uploads\/2014\/10\/Vortrag.jpg 600w, https:\/\/www.deutsche-gesellschaft-fuer-ordenskunde.de\/DGOWP\/wp-content\/uploads\/2014\/10\/Vortrag-150x112.jpg 150w, https:\/\/www.deutsche-gesellschaft-fuer-ordenskunde.de\/DGOWP\/wp-content\/uploads\/2014\/10\/Vortrag-300x225.jpg 300w\" sizes=\"auto, (max-width: 600px) 100vw, 600px\" \/><\/a><\/p>\n<p style=\"text-align: justify;\">Am Freitagvormittag traf man sich zu einer F\u00fchrung im M\u00fcnzkabinett und am Nachmittag zu einer Stadtf\u00fchrung. Samstags war nach neben der eigentlichen Festveranstaltung ein Besuch des Milit\u00e4rgeschichtlichen Museums und ein Rundgang durch die Albertstadt mit Erkl\u00e4rungen zu deren Geschichte vorgesehen.<\/p>\n<p style=\"text-align: justify;\"><a href=\"https:\/\/www.deutsche-gesellschaft-fuer-ordenskunde.de\/DGOWP\/wp-content\/uploads\/2014\/10\/Fuehrung.jpg\"><img loading=\"lazy\" decoding=\"async\" class=\"alignnone size-full wp-image-2015\" src=\"https:\/\/www.deutsche-gesellschaft-fuer-ordenskunde.de\/DGOWP\/wp-content\/uploads\/2014\/10\/Fuehrung.jpg\" alt=\"Fuehrung\" width=\"600\" height=\"450\" srcset=\"https:\/\/www.deutsche-gesellschaft-fuer-ordenskunde.de\/DGOWP\/wp-content\/uploads\/2014\/10\/Fuehrung.jpg 600w, https:\/\/www.deutsche-gesellschaft-fuer-ordenskunde.de\/DGOWP\/wp-content\/uploads\/2014\/10\/Fuehrung-150x112.jpg 150w, https:\/\/www.deutsche-gesellschaft-fuer-ordenskunde.de\/DGOWP\/wp-content\/uploads\/2014\/10\/Fuehrung-300x225.jpg 300w\" sizes=\"auto, (max-width: 600px) 100vw, 600px\" \/><\/a><\/p>\n<p style=\"text-align: justify;\">Und wie immer \u2013 diesmal an drei Tagen \u2013 gem\u00fctliches Beisammensein mit Fachsimpeln an den Abenden, und nat\u00fcrlich die obligatorische B\u00f6rse am Sonntagmorgen.<\/p>\n<p style=\"text-align: justify;\"><a href=\"https:\/\/www.deutsche-gesellschaft-fuer-ordenskunde.de\/DGOWP\/wp-content\/uploads\/2014\/10\/2014_09-Medaille-40-Jahre-DGO-Avers.jpg\"><img loading=\"lazy\" decoding=\"async\" class=\"alignnone wp-image-2026 size-medium\" src=\"https:\/\/www.deutsche-gesellschaft-fuer-ordenskunde.de\/DGOWP\/wp-content\/uploads\/2014\/10\/2014_09-Medaille-40-Jahre-DGO-Avers-300x300.jpg\" alt=\"2014_09 Medaille 40 Jahre DGO Avers\" width=\"300\" height=\"300\" srcset=\"https:\/\/www.deutsche-gesellschaft-fuer-ordenskunde.de\/DGOWP\/wp-content\/uploads\/2014\/10\/2014_09-Medaille-40-Jahre-DGO-Avers-300x300.jpg 300w, https:\/\/www.deutsche-gesellschaft-fuer-ordenskunde.de\/DGOWP\/wp-content\/uploads\/2014\/10\/2014_09-Medaille-40-Jahre-DGO-Avers-150x150.jpg 150w, https:\/\/www.deutsche-gesellschaft-fuer-ordenskunde.de\/DGOWP\/wp-content\/uploads\/2014\/10\/2014_09-Medaille-40-Jahre-DGO-Avers.jpg 510w\" sizes=\"auto, (max-width: 300px) 100vw, 300px\" \/><\/a><a href=\"https:\/\/www.deutsche-gesellschaft-fuer-ordenskunde.de\/DGOWP\/wp-content\/uploads\/2014\/10\/2014_09-Medaille-40-Jahre-DGO-Revers.jpg\"><img loading=\"lazy\" decoding=\"async\" class=\"alignnone wp-image-2027 size-medium\" src=\"https:\/\/www.deutsche-gesellschaft-fuer-ordenskunde.de\/DGOWP\/wp-content\/uploads\/2014\/10\/2014_09-Medaille-40-Jahre-DGO-Revers-300x300.jpg\" alt=\"2014_09 Medaille 40 Jahre DGO Revers\" width=\"300\" height=\"300\" srcset=\"https:\/\/www.deutsche-gesellschaft-fuer-ordenskunde.de\/DGOWP\/wp-content\/uploads\/2014\/10\/2014_09-Medaille-40-Jahre-DGO-Revers-300x300.jpg 300w, https:\/\/www.deutsche-gesellschaft-fuer-ordenskunde.de\/DGOWP\/wp-content\/uploads\/2014\/10\/2014_09-Medaille-40-Jahre-DGO-Revers-150x150.jpg 150w, https:\/\/www.deutsche-gesellschaft-fuer-ordenskunde.de\/DGOWP\/wp-content\/uploads\/2014\/10\/2014_09-Medaille-40-Jahre-DGO-Revers.jpg 510w\" sizes=\"auto, (max-width: 300px) 100vw, 300px\" \/><\/a><\/p>\n<p style=\"text-align: justify;\">Die Jubil\u00e4umsmedaille der DGO e. V. f\u00fcr das vierzigj\u00e4hrige Bestehen des Vereins als BDOS e.V. bzw. DGO e. V. wurde an alle angemeldeten und anwesenden Mitglieder der Gesellschaft an der Jubil\u00e4umsveranstaltung in Dresden vergeben.<\/p>\n<h1 style=\"text-align: justify;\"><strong>Sammlerb\u00f6rse 2014 in Freising bei M\u00fcnchen<\/strong><\/h1>\n<p style=\"text-align: justify;\"><a href=\"https:\/\/www.deutsche-gesellschaft-fuer-ordenskunde.de\/DGOWP\/wp-content\/uploads\/2012\/09\/DGOFreising.jpg\" rel=\"nofollow\"><img loading=\"lazy\" decoding=\"async\" class=\"alignnone size-medium wp-image-1928\" src=\"https:\/\/www.deutsche-gesellschaft-fuer-ordenskunde.de\/DGOWP\/wp-content\/uploads\/2012\/09\/DGOFreising-300x225.jpg\" alt=\"DGOFreising\" width=\"300\" height=\"225\" srcset=\"https:\/\/www.deutsche-gesellschaft-fuer-ordenskunde.de\/DGOWP\/wp-content\/uploads\/2012\/09\/DGOFreising-300x225.jpg 300w, https:\/\/www.deutsche-gesellschaft-fuer-ordenskunde.de\/DGOWP\/wp-content\/uploads\/2012\/09\/DGOFreising-150x112.jpg 150w, https:\/\/www.deutsche-gesellschaft-fuer-ordenskunde.de\/DGOWP\/wp-content\/uploads\/2012\/09\/DGOFreising.jpg 800w\" sizes=\"auto, (max-width: 300px) 100vw, 300px\" \/><\/a><\/p>\n<p style=\"text-align: justify;\"><strong>DGO zum ersten Mal auf der &#8222;Sammlerb\u00f6rse in Freising&#8220; (13. und 14. Juni 2014) pr\u00e4sent<\/strong><\/p>\n<p style=\"text-align: justify;\">Der Veranstalter, Herr Michael Pfanneberg (Landshuter R\u00fcstkammer) stellte unserer Gesellschaft unentgeltlich Fl\u00e4che f\u00fcr einen Infostand zur Verf\u00fcgung.<br \/>\nSch\u00f6n und damit berichtenswert, neben unseren Pr\u00e4sidenten Bernd D\u00f6bel und Gesch\u00e4ftsf\u00fchrer J\u00fcrgen Lindner waren die beiden Tage \u00fcber Wolfgang Meier und Wolfgang Wichtler im Einsatz f\u00fcr die DGO. Unsere Sonderausstellung fand allgemein Beachtung, selbst der Oberb\u00fcrgermeister von Freising, Herr Tobias Eschenbacher zeigte gro\u00dfes pers\u00f6nliches Interesse daran und hielt sich \u00fcber zwanzig Minuten an unserem Stand auf.<br \/>\nAlles in Allen, solche Au\u00dfendarstellungen k\u00f6nnen nur f\u00f6rderlich f\u00fcr den Verein sein!<\/p>\n<h1 style=\"text-align: justify;\"><strong>Mitgliederversammlung 2014 in Ingolstadt<\/strong><\/h1>\n<p style=\"text-align: justify;\">Ingolstadt war sicher eine Reise wert &#8211; schlie\u00dflich hat die Stadt ja auch &#8222;einiges zu bieten&#8220;.<\/p>\n<p style=\"text-align: justify;\"><a href=\"https:\/\/www.deutsche-gesellschaft-fuer-ordenskunde.de\/DGOWP\/wp-content\/uploads\/2012\/09\/2014_05-DGO-Bild1.jpg\" rel=\"nofollow\"><img loading=\"lazy\" decoding=\"async\" class=\"alignleft wp-image-1891 size-medium\" src=\"https:\/\/www.deutsche-gesellschaft-fuer-ordenskunde.de\/DGOWP\/wp-content\/uploads\/2012\/09\/2014_05-DGO-Bild1-300x225.jpg\" alt=\"2014_05 DGO Bild1\" width=\"300\" height=\"225\" srcset=\"https:\/\/www.deutsche-gesellschaft-fuer-ordenskunde.de\/DGOWP\/wp-content\/uploads\/2012\/09\/2014_05-DGO-Bild1-300x225.jpg 300w, https:\/\/www.deutsche-gesellschaft-fuer-ordenskunde.de\/DGOWP\/wp-content\/uploads\/2012\/09\/2014_05-DGO-Bild1-150x112.jpg 150w, https:\/\/www.deutsche-gesellschaft-fuer-ordenskunde.de\/DGOWP\/wp-content\/uploads\/2012\/09\/2014_05-DGO-Bild1.jpg 1024w\" sizes=\"auto, (max-width: 300px) 100vw, 300px\" \/><\/a><br \/>\n<img loading=\"lazy\" decoding=\"async\" class=\"alignleft wp-image-1888 size-medium\" src=\"https:\/\/www.deutsche-gesellschaft-fuer-ordenskunde.de\/DGOWP\/wp-content\/uploads\/2012\/09\/2014_05-DGO-Bild3-300x225.jpg\" alt=\"2014_05 DGO Bild3\" width=\"300\" height=\"225\" srcset=\"https:\/\/www.deutsche-gesellschaft-fuer-ordenskunde.de\/DGOWP\/wp-content\/uploads\/2012\/09\/2014_05-DGO-Bild3-300x225.jpg 300w, https:\/\/www.deutsche-gesellschaft-fuer-ordenskunde.de\/DGOWP\/wp-content\/uploads\/2012\/09\/2014_05-DGO-Bild3-150x112.jpg 150w, https:\/\/www.deutsche-gesellschaft-fuer-ordenskunde.de\/DGOWP\/wp-content\/uploads\/2012\/09\/2014_05-DGO-Bild3.jpg 1024w\" sizes=\"auto, (max-width: 300px) 100vw, 300px\" \/><img loading=\"lazy\" decoding=\"async\" class=\"alignleft wp-image-1889 size-medium\" src=\"https:\/\/www.deutsche-gesellschaft-fuer-ordenskunde.de\/DGOWP\/wp-content\/uploads\/2012\/09\/2014_05-DGO-Bild21-300x168.jpg\" alt=\"2014_05 DGO Bild2\" width=\"300\" height=\"168\" srcset=\"https:\/\/www.deutsche-gesellschaft-fuer-ordenskunde.de\/DGOWP\/wp-content\/uploads\/2012\/09\/2014_05-DGO-Bild21-300x168.jpg 300w, https:\/\/www.deutsche-gesellschaft-fuer-ordenskunde.de\/DGOWP\/wp-content\/uploads\/2012\/09\/2014_05-DGO-Bild21-150x84.jpg 150w, https:\/\/www.deutsche-gesellschaft-fuer-ordenskunde.de\/DGOWP\/wp-content\/uploads\/2012\/09\/2014_05-DGO-Bild21.jpg 1024w\" sizes=\"auto, (max-width: 300px) 100vw, 300px\" \/><\/p>\n<p style=\"text-align: justify;\">Der Besuch der Ausstellung &#8222;Der Erste Weltkrieg&#8220; in der Reduit Tilly am Freitag-Nachmittag war gelungener Auftakt des 72. Bundestreffens.<br \/>\nAbends traf man sich, das geziemt sich im Bayerischen, z\u00fcnftig im &#8222;Wei\u00dfbr\u00e4uhaus&#8220;.<\/p>\n<p style=\"text-align: justify;\"><a href=\"https:\/\/www.deutsche-gesellschaft-fuer-ordenskunde.de\/DGOWP\/wp-content\/uploads\/2012\/09\/2014_05-DGO-Bild8.jpg\" rel=\"nofollow\"><img loading=\"lazy\" decoding=\"async\" class=\"alignleft wp-image-1892 size-medium\" src=\"https:\/\/www.deutsche-gesellschaft-fuer-ordenskunde.de\/DGOWP\/wp-content\/uploads\/2012\/09\/2014_05-DGO-Bild8-300x225.jpg\" alt=\"2014_05 DGO Bild8\" width=\"300\" height=\"225\" srcset=\"https:\/\/www.deutsche-gesellschaft-fuer-ordenskunde.de\/DGOWP\/wp-content\/uploads\/2012\/09\/2014_05-DGO-Bild8-300x225.jpg 300w, https:\/\/www.deutsche-gesellschaft-fuer-ordenskunde.de\/DGOWP\/wp-content\/uploads\/2012\/09\/2014_05-DGO-Bild8-150x112.jpg 150w, https:\/\/www.deutsche-gesellschaft-fuer-ordenskunde.de\/DGOWP\/wp-content\/uploads\/2012\/09\/2014_05-DGO-Bild8.jpg 1024w\" sizes=\"auto, (max-width: 300px) 100vw, 300px\" \/><\/a><br \/>\nDer Samstag-Vormittag war wieder &#8222;kulturell&#8220; ausgef\u00fcllt.<a href=\"https:\/\/www.deutsche-gesellschaft-fuer-ordenskunde.de\/DGOWP\/wp-content\/uploads\/2012\/09\/2014_05-DGO-Bild6.jpg\" rel=\"nofollow\"><img loading=\"lazy\" decoding=\"async\" class=\"alignleft wp-image-1893 size-medium\" src=\"https:\/\/www.deutsche-gesellschaft-fuer-ordenskunde.de\/DGOWP\/wp-content\/uploads\/2012\/09\/2014_05-DGO-Bild6-300x168.jpg\" alt=\"2014_05 DGO Bild6\" width=\"300\" height=\"168\" srcset=\"https:\/\/www.deutsche-gesellschaft-fuer-ordenskunde.de\/DGOWP\/wp-content\/uploads\/2012\/09\/2014_05-DGO-Bild6-300x168.jpg 300w, https:\/\/www.deutsche-gesellschaft-fuer-ordenskunde.de\/DGOWP\/wp-content\/uploads\/2012\/09\/2014_05-DGO-Bild6-150x84.jpg 150w, https:\/\/www.deutsche-gesellschaft-fuer-ordenskunde.de\/DGOWP\/wp-content\/uploads\/2012\/09\/2014_05-DGO-Bild6.jpg 1024w\" sizes=\"auto, (max-width: 300px) 100vw, 300px\" \/><\/a><a href=\"https:\/\/www.deutsche-gesellschaft-fuer-ordenskunde.de\/DGOWP\/wp-content\/uploads\/2012\/09\/2014_05-DGO-Bild7.jpg\" rel=\"nofollow\"><img loading=\"lazy\" decoding=\"async\" class=\"alignleft wp-image-1894 size-medium\" src=\"https:\/\/www.deutsche-gesellschaft-fuer-ordenskunde.de\/DGOWP\/wp-content\/uploads\/2012\/09\/2014_05-DGO-Bild7-300x168.jpg\" alt=\"2014_05 DGO Bild7\" width=\"300\" height=\"168\" srcset=\"https:\/\/www.deutsche-gesellschaft-fuer-ordenskunde.de\/DGOWP\/wp-content\/uploads\/2012\/09\/2014_05-DGO-Bild7-300x168.jpg 300w, https:\/\/www.deutsche-gesellschaft-fuer-ordenskunde.de\/DGOWP\/wp-content\/uploads\/2012\/09\/2014_05-DGO-Bild7-150x84.jpg 150w, https:\/\/www.deutsche-gesellschaft-fuer-ordenskunde.de\/DGOWP\/wp-content\/uploads\/2012\/09\/2014_05-DGO-Bild7.jpg 1024w\" sizes=\"auto, (max-width: 300px) 100vw, 300px\" \/><\/a><a href=\"https:\/\/www.deutsche-gesellschaft-fuer-ordenskunde.de\/DGOWP\/wp-content\/uploads\/2012\/09\/2014_05-DGO-Bild12.jpg\" rel=\"nofollow\"><img loading=\"lazy\" decoding=\"async\" class=\"alignleft wp-image-1898 size-medium\" src=\"https:\/\/www.deutsche-gesellschaft-fuer-ordenskunde.de\/DGOWP\/wp-content\/uploads\/2012\/09\/2014_05-DGO-Bild12-300x225.jpg\" alt=\"2014_05 DGO Bild12\" width=\"300\" height=\"225\" srcset=\"https:\/\/www.deutsche-gesellschaft-fuer-ordenskunde.de\/DGOWP\/wp-content\/uploads\/2012\/09\/2014_05-DGO-Bild12-300x225.jpg 300w, https:\/\/www.deutsche-gesellschaft-fuer-ordenskunde.de\/DGOWP\/wp-content\/uploads\/2012\/09\/2014_05-DGO-Bild12-150x112.jpg 150w, https:\/\/www.deutsche-gesellschaft-fuer-ordenskunde.de\/DGOWP\/wp-content\/uploads\/2012\/09\/2014_05-DGO-Bild12.jpg 1024w\" sizes=\"auto, (max-width: 300px) 100vw, 300px\" \/><\/a><\/p>\n<p style=\"text-align: justify;\">Das sehr sehenswerte (nicht nur der Orden wegen) Stadtmuseum stand auf dem Program, hier begeisterte die Ausstellung &#8222;Das Eiserne Kreuz&#8220; so manchen von uns.<\/p>\n<p style=\"text-align: justify;\"><a href=\"https:\/\/www.deutsche-gesellschaft-fuer-ordenskunde.de\/DGOWP\/wp-content\/uploads\/2012\/09\/2014_05-DGO-Bild5.jpg\" rel=\"nofollow\"><img loading=\"lazy\" decoding=\"async\" class=\"alignleft wp-image-1895 size-medium\" src=\"https:\/\/www.deutsche-gesellschaft-fuer-ordenskunde.de\/DGOWP\/wp-content\/uploads\/2012\/09\/2014_05-DGO-Bild5-300x168.jpg\" alt=\"2014_05 DGO Bild5\" width=\"300\" height=\"168\" srcset=\"https:\/\/www.deutsche-gesellschaft-fuer-ordenskunde.de\/DGOWP\/wp-content\/uploads\/2012\/09\/2014_05-DGO-Bild5-300x168.jpg 300w, https:\/\/www.deutsche-gesellschaft-fuer-ordenskunde.de\/DGOWP\/wp-content\/uploads\/2012\/09\/2014_05-DGO-Bild5-150x84.jpg 150w, https:\/\/www.deutsche-gesellschaft-fuer-ordenskunde.de\/DGOWP\/wp-content\/uploads\/2012\/09\/2014_05-DGO-Bild5.jpg 1024w\" sizes=\"auto, (max-width: 300px) 100vw, 300px\" \/><\/a><a href=\"https:\/\/www.deutsche-gesellschaft-fuer-ordenskunde.de\/DGOWP\/wp-content\/uploads\/2012\/09\/2014_05-DGO-Bild9.jpg\" rel=\"nofollow\"><img loading=\"lazy\" decoding=\"async\" class=\"alignleft wp-image-1896 size-medium\" src=\"https:\/\/www.deutsche-gesellschaft-fuer-ordenskunde.de\/DGOWP\/wp-content\/uploads\/2012\/09\/2014_05-DGO-Bild9-300x168.jpg\" alt=\"2014_05 DGO Bild9\" width=\"300\" height=\"168\" srcset=\"https:\/\/www.deutsche-gesellschaft-fuer-ordenskunde.de\/DGOWP\/wp-content\/uploads\/2012\/09\/2014_05-DGO-Bild9-300x168.jpg 300w, https:\/\/www.deutsche-gesellschaft-fuer-ordenskunde.de\/DGOWP\/wp-content\/uploads\/2012\/09\/2014_05-DGO-Bild9-150x84.jpg 150w, https:\/\/www.deutsche-gesellschaft-fuer-ordenskunde.de\/DGOWP\/wp-content\/uploads\/2012\/09\/2014_05-DGO-Bild9.jpg 1024w\" sizes=\"auto, (max-width: 300px) 100vw, 300px\" \/><\/a><br \/>\nDie Tagesordnungspunkte der am Nachmittag stattfindende Jahreshauptversammlung wurden z\u00fcgig abgearbeitet, wichtig war die Verabschiedung einer Erg\u00e4nzung unserer Satzung.<\/p>\n<p style=\"text-align: justify;\"><a href=\"https:\/\/www.deutsche-gesellschaft-fuer-ordenskunde.de\/DGOWP\/wp-content\/uploads\/2012\/09\/2014_05-DGO-Bild11.jpg\" rel=\"nofollow\"><img loading=\"lazy\" decoding=\"async\" class=\"alignleft wp-image-1897 size-medium\" src=\"https:\/\/www.deutsche-gesellschaft-fuer-ordenskunde.de\/DGOWP\/wp-content\/uploads\/2012\/09\/2014_05-DGO-Bild11-300x225.jpg\" alt=\"2014_05 DGO Bild11\" width=\"300\" height=\"225\" srcset=\"https:\/\/www.deutsche-gesellschaft-fuer-ordenskunde.de\/DGOWP\/wp-content\/uploads\/2012\/09\/2014_05-DGO-Bild11-300x225.jpg 300w, https:\/\/www.deutsche-gesellschaft-fuer-ordenskunde.de\/DGOWP\/wp-content\/uploads\/2012\/09\/2014_05-DGO-Bild11-150x112.jpg 150w, https:\/\/www.deutsche-gesellschaft-fuer-ordenskunde.de\/DGOWP\/wp-content\/uploads\/2012\/09\/2014_05-DGO-Bild11.jpg 1024w\" sizes=\"auto, (max-width: 300px) 100vw, 300px\" \/><\/a><\/p>\n<p style=\"text-align: justify;\">Als Tagungsort f\u00fcr die n\u00e4chste Mitgliederversammlung (voraussichtlich 18. &#8211; 20. September 2015) wurde auf Vorschlag von Lutz Fritsche Weimar bestimmt.<\/p>\n<p style=\"text-align: justify;\">36 stimmberechtigte Mitglieder waren anwesend und verabschiedeten die einzelnen Tagesordnungspunkte.<br \/>\nDer Tag klang mit einem Abendessen und vielen interessanten Gespr\u00e4chen, nicht nur \u00fcber Orden im &#8222;Wei\u00dfbr\u00e4uhaus&#8220; und schlie\u00dflich im Tagungshotel &#8222;Zum Anker&#8220; aus.<br \/>\nAm Sonntag-Vormittag fand noch traditionell die Tauschb\u00f6rse im &#8222;Schlaraffen-Saal\/Stadtmuseum&#8220; statt, so manches &#8222;Gsch\u00e4ftle&#8220; wurde da noch get\u00e4tigt!<br \/>\n&#8222;Ingolstadt war eine runde Sache&#8220;, so Daniel Krause. Dem ist nichts hinzu zu f\u00fcgen!<br \/>\nDank an den Organisator Hartwig Friedrich, welchen wir an dieser Stelle ganz besonders Gr\u00fc\u00dfen!<\/p>\n<p style=\"text-align: justify;\">J\u00fcrgen Lindner<\/p>\n<p><strong>Tagesordnung der Mitgliederversammlung am 24. Mai 2014<\/strong><\/p>\n<p>1. Begr\u00fc\u00dfung durch den Pr\u00e4sidenten<br \/>\n2. Gedenken der verstorbenen Mitglieder<br \/>\n3. Feststellung der Beschlussf\u00e4higkeit, Wahl eines Protokollf\u00fchrers<br \/>\n4. Bericht des Pr\u00e4sidenten<br \/>\n5. Bericht des 1. Vizepr\u00e4sidenten<br \/>\n6. Bericht des 2. Vizepr\u00e4sidenten<br \/>\n7. Bericht des Gesch\u00e4ftsf\u00fchrers<br \/>\n8. Bericht des Schatzmeisters<br \/>\n9. Bericht aus dem Wissenschaftlichen Beirat<br \/>\n10. Bericht aus der Redaktion<br \/>\n11. Bericht der Kassenpr\u00fcfer<br \/>\n12. Entlastung des Pr\u00e4sidiums<br \/>\n13. Wahl der Kassenpr\u00fcfer f\u00fcr das Gesch\u00e4ftsjahr 2014\/2015<br \/>\n14. Satzungs\u00e4nderungen (<a href=\"https:\/\/www.deutsche-gesellschaft-fuer-ordenskunde.de\/DGOWP\/wp-content\/uploads\/2014\/03\/Satzungs%C3%A4nderungen-JHV-Ingolstadt-2014.pdf\" rel=\"nofollow\">siehe hier \u2013 PDF herunterladen<\/a>)<br \/>\n15. Festlegung des Tagungsortes der Mitgliedersammlung 2015<br \/>\n16. Antr\u00e4ge<br \/>\n17. Verschiedenes<\/p>\n","protected":false},"excerpt":{"rendered":"<p>Jubil\u00e4umsveranstaltung \u2013 40 Jahre DGO e.V. Die Jubil\u00e4umsveranstaltung \u2013 40 Jahre DGO e.V.\u00a0 fand am 25. \u2013 28.09.2014 in Dresden statt. Wie auf der Mitgliederversammlung (MGV-2013) in Celle beschlossen, fand im Herbst neben der anstehenden MGV in Ingolstadt eine Jubil\u00e4umsveranstaltung zum 40-j\u00e4hrigen Bestehen des Vereins in Dresden statt. Am Freitagvormittag traf man sich zu einer &hellip; <\/p>\n<p class=\"link-more\"><a href=\"https:\/\/www.deutsche-gesellschaft-fuer-ordenskunde.de\/DGOWP\/dgo\/aktivitaten\/2014-2\/\" class=\"more-link\"><span class=\"screen-reader-text\">\u201e2014\u201c <\/span>weiterlesen<\/a><\/p>\n","protected":false},"author":2,"featured_media":0,"parent":50,"menu_order":0,"comment_status":"closed","ping_status":"closed","template":"","meta":{"ngg_post_thumbnail":0,"footnotes":""},"class_list":["post-2004","page","type-page","status-publish","hentry"],"_links":{"self":[{"href":"https:\/\/www.deutsche-gesellschaft-fuer-ordenskunde.de\/DGOWP\/wp-json\/wp\/v2\/pages\/2004","targetHints":{"allow":["GET"]}}],"collection":[{"href":"https:\/\/www.deutsche-gesellschaft-fuer-ordenskunde.de\/DGOWP\/wp-json\/wp\/v2\/pages"}],"about":[{"href":"https:\/\/www.deutsche-gesellschaft-fuer-ordenskunde.de\/DGOWP\/wp-json\/wp\/v2\/types\/page"}],"author":[{"embeddable":true,"href":"https:\/\/www.deutsche-gesellschaft-fuer-ordenskunde.de\/DGOWP\/wp-json\/wp\/v2\/users\/2"}],"replies":[{"embeddable":true,"href":"https:\/\/www.deutsche-gesellschaft-fuer-ordenskunde.de\/DGOWP\/wp-json\/wp\/v2\/comments?post=2004"}],"version-history":[{"count":0,"href":"https:\/\/www.deutsche-gesellschaft-fuer-ordenskunde.de\/DGOWP\/wp-json\/wp\/v2\/pages\/2004\/revisions"}],"up":[{"embeddable":true,"href":"https:\/\/www.deutsche-gesellschaft-fuer-ordenskunde.de\/DGOWP\/wp-json\/wp\/v2\/pages\/50"}],"wp:attachment":[{"href":"https:\/\/www.deutsche-gesellschaft-fuer-ordenskunde.de\/DGOWP\/wp-json\/wp\/v2\/media?parent=2004"}],"curies":[{"name":"wp","href":"https:\/\/api.w.org\/{rel}","templated":true}]}}