{"id":1762,"date":"2013-12-31T18:34:14","date_gmt":"2013-12-31T18:34:14","guid":{"rendered":"https:\/\/www.deutsche-gesellschaft-fuer-ordenskunde.de\/DGOWP\/?page_id=1762"},"modified":"2025-12-07T21:29:36","modified_gmt":"2025-12-07T20:29:36","slug":"dr-lars-adler","status":"publish","type":"page","link":"https:\/\/www.deutsche-gesellschaft-fuer-ordenskunde.de\/DGOWP\/dgo\/wissenschaftlicher-beirat\/dr-lars-adler\/","title":{"rendered":"Dr. Lars Adler"},"content":{"rendered":"<h1 style=\"text-align: center;\">Prof. Dr. Lars Adler<\/h1>\n<p style=\"text-align: center;\"><a href=\"https:\/\/www.deutsche-gesellschaft-fuer-ordenskunde.de\/DGOWP\/wp-content\/uploads\/2013\/12\/Foto_Dr_Adler.jpg\"><img loading=\"lazy\" decoding=\"async\" class=\"aligncenter size-full wp-image-1764\" src=\"https:\/\/www.deutsche-gesellschaft-fuer-ordenskunde.de\/DGOWP\/wp-content\/uploads\/2013\/12\/Foto_Dr_Adler.jpg\" alt=\"Dr. Adler\" width=\"500\" height=\"506\" srcset=\"https:\/\/www.deutsche-gesellschaft-fuer-ordenskunde.de\/DGOWP\/wp-content\/uploads\/2013\/12\/Foto_Dr_Adler.jpg 500w, https:\/\/www.deutsche-gesellschaft-fuer-ordenskunde.de\/DGOWP\/wp-content\/uploads\/2013\/12\/Foto_Dr_Adler-148x150.jpg 148w, https:\/\/www.deutsche-gesellschaft-fuer-ordenskunde.de\/DGOWP\/wp-content\/uploads\/2013\/12\/Foto_Dr_Adler-296x300.jpg 296w\" sizes=\"auto, (max-width: 500px) 100vw, 500px\" \/><\/a><b><\/b><\/p>\n<p style=\"text-align: center;\"><b>Vorsitzender des Wissenschaftlichen Beirates<\/b><\/p>\n<p style=\"text-align: left;\">Darmstadt, Jg. 1976, Studium der Geschichte, Philosophie und Historischen Hilfswissen\u00adschaften an den Universit\u00e4ten Leipzig und Heidelberg, 2002 Magister Artium, 2006 Heidel\u00adberger Promotion zu einem phaleristischen Thema der Fr\u00fchen Neuzeit, 2007\u20132009 Referen\u00addariat f\u00fcr den h\u00f6heren Archivdienst an der Archivschule Marburg mit anschlie\u00dfendem archivischen Staatsexamen, 2009\u20132010 Dienststellenleiter der Kommunalen Archivberatungs\u00adstelle Hessen, 2010 Archivrat, seit 2013 Archivoberrat und Referatsleiter der Alten Abteilung am Hessischen Staatsarchiv Darmstadt.<\/p>\n<p style=\"text-align: left;\"><b>Ordenskundliche Publikationen (in Auswahl):<\/b><\/p>\n<p style=\"text-align: left;\"><i>&#8211; Die Ordensstiftungen der Markgrafen von Baden 1584<\/i><i>\u20131803. Adlige Korporationen im Spiegel f\u00fcrstlicher Landespolitik<\/i> (Phaleristische Monographien; Bd. 5, zugl. Heidelberger Univ., Diss. 2006), Offenbach a. M. 2008 [472 S. mit 88 Abb.].<\/p>\n<p style=\"text-align: left;\"><i>&#8211; Friedrich Wilhelm von Steuben als Ritter des Markgr\u00e4flich badischen Ordens der Treue. Der Fall einer durch Adelsanma\u00dfung erlangten Ordensmitgliedschaft im 18. Jahrhundert,<\/i> in: Herold-Jahrbuch NF 11 (2006), S. 9\u201332.<\/p>\n<p style=\"text-align: left;\">&#8211; <i>Ordenspokal und Temperantiabecher <\/i><i>\u2013 die Gl\u00e4sergarnitur des badischen Fidelitasordens,<\/i> in: OuE-Magazin \u2013 BDOS \u2013 Deutsche Gesellschaft f\u00fcr Ordenskunde e.V. 10. Jg., Nr. 54 (April 2008), S. 74\u201380.<\/p>\n<p style=\"text-align: left;\">&#8211; <i>Das gro\u00dfherzoglich hessische Ehrenzeichen F\u00dcR VERDIENSTE UM DAS L\u00d6SCHWESEN. Dr. Ludwig Christian Justus als Tr\u00e4ger eines singul\u00e4ren Ehrenzeichens,<\/i> in: OuE-Magazin \u2013 BDOS \u2013 Deutsche Gesellschaft f\u00fcr Ordenskunde e.V. 12. Jg., Nr. 66 (April 2010), S. 93\u201395.<\/p>\n<p style=\"text-align: left;\">&#8211; <i>Die hessische Freiherr-vom-Stein-Plakette<\/i>, in: Nassauische Annalen. Jb. des Vereins f\u00fcr nassauische Altertumskunde u. Geschichtsforschung Bd. 120 (2010), S. 439\u2013457.<\/p>\n<p style=\"text-align: left;\">&#8211; <i>Die Union von 1608 und der baden-durlachische Orden der goldenen Klippe,<\/i> in: Ernst, Albrecht\/Schindling, Anton (Hrsg.), Union und Liga 1608\/09. Konfessionelle B\u00fcndnisse im Reich \u2013 Weichenstellung zum Religionskrieg? (Ver\u00f6ffentlichungen der Kom\u00admission f\u00fcr geschichtliche Landeskunde in Baden-W\u00fcrttemberg, Reihe B: Forschungen; Bd. 178), Stuttgart 2010, S. 197\u2013225.<\/p>\n<p style=\"text-align: left;\">&#8211; Zusammen mit Franz Hannesschl\u00e4ger, <i>Der badische Orden Berthold des Ersten von Z\u00e4hringen. Die Stiftung des letzten Verdienstordens im Gro\u00dfherzogtum Baden,<\/i> in: OuE-Magazin \u2013 BDOS \u2013 Deutsche Gesellschaft f\u00fcr Ordenskunde e. V. 12. Jg., Nr. 68 (August 2010), S. 194\u2013203.<\/p>\n<p style=\"text-align: left;\"><i>&#8211; Das Ehrenzeichen f\u00fcr Verdienste w\u00e4hrend der Wassersnoth 1882\/83. Zur Geschichte einer \u201eHochwasser-Medaille\u201c des 19. Jahrhunderts im Gro\u00dfherzogtum Hessen,<\/i> in: OuE-Magazin \u2013 DGO \u2013 Deutsche Gesellschaft f\u00fcr Ordenskunde e. V. 14. Jg., Nr. 79 (Juni 2012), S. 122\u2013131.<\/p>\n<p style=\"text-align: left;\">&#8211; <i>Das gro\u00dfherzoglich hessische Erinnerungszeichen f\u00fcr die Beamten und Be\u00addiensteten der Staatseisenbahnverwaltung 1905\u20131918,<\/i> in: OuE-Magazin \u2013 DGO \u2013 Deutsche Gesellschaft f\u00fcr Ordenskunde e. V. 14. Jg., Nr. 82 (Dezember 2012), S. 309\u2013321.<\/p>\n<p style=\"text-align: left;\">&#8211; <i>Gro\u00dfherzog Ludwig III. von Hessen und bei Rhein als Knight of the Most Noble Order of the Garter,<\/i> in: Archiv f\u00fcr hessische Geschichte und Altertumskunde NF 70 (2012), S. 77\u2013106.<\/p>\n<p style=\"text-align: left;\">&#8211; <i>Die gescheiterte Stiftung eines \u201eErinnerungszeichen f\u00fcr Beamte, Bedienstete und Arbeiter im hessischen Staatsdienst\u201c (1906). Eine Dokumentation ministeriellen Verwal\u00adtungshandelns im Zuge eines Stiftungsvorganges,<\/i> in: OuE-Magazin \u2013 DGO \u2013 Deutsche Gesellschaft f\u00fcr Ordenskunde e. V. 15. Jg., Nr. 87 (Oktober 2013), S. 265\u2013269.<\/p>\n<p style=\"text-align: left;\">&#8211; <i>Die Fidelitasritter im historischen Ged\u00e4chtnis der F\u00e4cherstadt. Stadtgr\u00fcndung und Ordensstiftung,<\/i> in: Blick in die Geschichte (Karlsruher stadthistorische Beitr\u00e4ge; Bd. 5, 2008\u20132013), Karlsruhe 2013, S. 150\u2013154.<\/p>\n<p style=\"text-align: left;\">\u2013 <em>Die Amtsmedaillen der gro\u00dfherzoglich hessischen B\u00fcrgermeister und Beigeordneten 1853\u20131918, (1935)<\/em>, in: DGO-Jahrbuch 2014, hrsg. von der Deutschen Gesellschaft f\u00fcr Ordenskunde e. V., S. 2\u201321.<\/p>\n<p style=\"text-align: left;\">\u2013 <em>Der Fidelitas-Orden. Adlige Treue und st\u00e4dtisches Ged\u00e4chtnis, in: Karl Wilhelm 1679\u20131738, Katalog zur Gro\u00dfen Landesausstellung Baden-W\u00fcrttemberg vom 9. Mai bis 18. Oktober 2015,<\/em> hrsg. vom Badischen Landesmuseum Karlsruhe, M\u00fcnchen 2015, S. 159\u2013165.<\/p>\n<p style=\"text-align: left;\">\u2013 <em>Friedrich Mainhard Planta von Wildenberg. Der \u201euntreue\u201d Ordensritter<\/em>, in: Karl Wilhelm 1679\u20131738, Katalog zur Gro\u00dfen Landesausstellung Baden-W\u00fcrttemberg vom 9. Mai bis 18. Oktober 2015, hrsg. vom Badischen Landesmuseum Karlsruhe, M\u00fcnchen 2015, S. 166\u2013167.<\/p>\n<p style=\"text-align: left;\">\u2013 <em>Die Amtsmedaillen der gro\u00dfherzoglich hessischen B\u00fcrgermeister und Beigeordneten 1853\u20131918. Mit einer Nachbetrachtung bis ins Jahr 1935<\/em>, in: Hessisches Jahrbuch f\u00fcr Landesgeschichte 64 (2014), S. 53\u201383 [leicht \u00fcberarbeitete Fassung der Erstpublikation im DGO-Jahrbuch 2014].<\/p>\n<p style=\"text-align: left;\">\u2013 <em>Das Allgemeine Ehrenzeichen \u201eF\u00dcR RETTUNG VON MENSCHENLEBEN\u201c und die Rettungsmedaille des Gro\u00dfherzogtums Hessen (1849\u20131918)<\/em>, in: Archiv f\u00fcr hessische Geschichte und Altertumskunde NF 73 (2015), S. 307\u2013348 [in leicht \u00fcberarbeiteter Fassung zudem ver\u00f6ffentlicht in: OuE-Magazin 17. Jg., Heft 100 (Dezember 2015), S. 315\u2013333].<\/p>\n<p style=\"text-align: left;\">\u2013 <em>Das gro\u00dfherzoglich hessische Ehrenzeichen f\u00fcr Mitglieder der freiwilligen Feuerwehren 1883\u20131918<\/em>, in: OuE-Magazin \u2013 DGO \u2013 Deutsche Gesellschaft f\u00fcr Ordenskunde e. V. 18. Jg., Heft 106 (Dezember 2016), S. 302\u2013314.<\/p>\n<p>\u2013 <em>Die Medaille von 1894 und das Erinnerungszeichen von 1905 anl\u00e4sslich der beiden Eheschlie\u00dfungen Gro\u00dfherzog Ernst Ludwigs von Hessen und bei Rhein<\/em>, in: Archiv f\u00fcr hessische Geschichte und Altertumskunde NF 75 (2017), S. 107\u2013136 [in leicht \u00fcberarbeiteter Fassung zudem ver\u00f6ffentlicht in: OuE-Magazin \u2013 DGO \u2013 Deutsche Gesellschaft f\u00fcr Ordens\u00adkunde e. V. 19. Jg., Heft 111 (Oktober 2017), S. 242\u2013255].<\/p>\n<p>\u2013 <em>Die \u201eStaatsmedaille f\u00fcr Ausstellungen\u201c des Gro\u00dfherzogtums Hessen 1903\u20131918, <\/em>in: Numismatisches Nachrichtenblatt 67. Jg., Heft 11\/18 (November 2018), S. 424\u2013431 [in leicht \u00fcberarbeiteter Fassung zudem ver\u00f6ffentlicht in: OuE-Magazin \u2013 DGO \u2013 Deutsche Gesellschaft f\u00fcr Ordenskunde e. V. 21. Jg., Heft 120 (April 2019), S. 79\u201388].<\/p>\n<p>\u2013 <em>Das Goldene Kreuz f\u00fcr weibliche Dienstboten des Gro\u00dfherzogtums Hessen (1895\u20131918). Eine halbstaatliche Auszeichnung f\u00fcr Frauen nach 25 und 40 Dienstjahren, <\/em>in: Archiv f\u00fcr hessische Geschichte und Altertumskunde NF 77 (2019), S. 145\u2013165 [zudem ver\u00f6ffentlicht in: OuE-Magazin \u2013 DGO \u2013 Deutsche Gesellschaft f\u00fcr Ordenskunde e. V. 21. Jg., Heft 121 (Juni 2019), S. 122\u2013131].<\/p>\n<p>\u2013 <em>Das \u201eallgemeine Civil-Ehrenzeichen\u201c von 1843 als Vorl\u00e4ufer des gro\u00dfherzog\u00adlich hessischen Allgemeinen Ehrenzeichens, <\/em>in: OuE-Magazin \u2013 DGO \u2013 Deutsche Gesellschaft f\u00fcr Ordenskunde e. V. 22. Jg., Nr. 126 (April 2020), S. 92\u201396.<\/p>\n<p>\u2013 <em>Verleihungsurkunde zum gro\u00dfherzoglich hessischen Goldenen Kreuz f\u00fcr weibliche Dienstboten \u00fcberliefert. Nachtrag zum Aufsatz in: OuE-Magazin, Nr. 121 (Juni 2019), S. 122\u2013131, <\/em>in: OuE-Magazin \u2013 DGO \u2013 Deutsche Gesellschaft f\u00fcr Ordenskunde e. V. 22. Jg., Nr. 126 (April 2020), S. 103\u2013104.<\/p>\n<p>\u2013 <em>Archivische Quellen im Rahmen akademischer Zulassungsarbeiten \u2013 Ein Pro\u00adblemaufriss, <\/em>in: Archivnachrichten aus Hessen, Sonderheft 2020, S. 58\u201363.<\/p>\n<p>\u2013 <em>Kaiser Napoleon I. und der von Gro\u00dfherzog Ludewig I. gestiftete hessische Haus- und Verdienstorden. Zur Fr\u00fchphase der Ordensgeschichte und zum kriegsbedingten Schicksal einer dem Protektor des Rheinbundes verliehenen Ordensdekoration, <\/em>in: Archiv f\u00fcr hessische Geschichte und Altertumskunde NF 78 (2020), S. 1\u201322 [zudem ver\u00f6ffentlicht in: OuE-Magazin \u2013 DGO \u2013 Deutsche Gesellschaft f\u00fcr Ordenskunde e. V. 22. Jg., Nr. 128 (August 2020), S. 215\u2013225].<\/p>\n<p>\u2013 <em>Das milit\u00e4rische Erinnerungszeichen an Gro\u00dfherzog Ludewig I. von Hessen f\u00fcr Kriegsveteranen (1868), <\/em>in: Archiv f\u00fcr hessische Geschichte und Altertumskunde NF 79 (2021), S. 123\u2013144 [zudem in leicht \u00fcberarbeiteter Fassung ver\u00f6ffentlicht in: OuE-Magazin \u2013 DGO \u2013 Deutsche Gesellschaft f\u00fcr Ordenskunde e. V. 25. Jg., Nr. 143 (Februar 2023), S. 2\u201311].<\/p>\n<p>\u2013 <em>Die gro\u00dfherzoglich hessische Verdienstmedaille f\u00fcr Wissenschaft, Kunst, In\u00addustrie und Landwirtschaft (1853\u20131918)<\/em>, in: Archiv f\u00fcr hessische Geschichte und Altertums\u00adkunde NF 81 (2023), S. 125\u2013172 [zudem in leicht \u00fcberarbeiteter Fassung ver\u00f6ffentlicht in: OuE-Magazin \u2013 DGO \u2013 Deutsche Gesellschaft f\u00fcr Ordenskunde e. V. 26. Jg., Nr. 151 (Juni 2024), S. 143\u2013164].<\/p>\n<p>\u2013 <em>Das gro\u00dfherzoglich hessische Dienstauszeichnungskreuz f\u00fcr Krankenpflege (1891)<\/em>, in: OuE-Magazin \u2013 DGO \u2013 Deutsche Gesellschaft f\u00fcr Ordenskunde e. V. 26. Jg., Nr. 150 (April 2024), S. 62\u201370.<\/p>\n<p>\u2013 <em>Das Ernst Ludwig-Eleonoren-Kreuz f\u00fcr Verdienste in der Wohlfahrtspflege (1910)<\/em>, in: OuE-Magazin \u2013 DGO \u2013 Deutsche Gesellschaft f\u00fcr Ordenskunde e. V. 27. Jg., Nr. 155 (Februar 2025), S. 2\u20138.<\/p>\n","protected":false},"excerpt":{"rendered":"<p>Prof. Dr. Lars Adler Vorsitzender des Wissenschaftlichen Beirates Darmstadt, Jg. 1976, Studium der Geschichte, Philosophie und Historischen Hilfswissen\u00adschaften an den Universit\u00e4ten Leipzig und Heidelberg, 2002 Magister Artium, 2006 Heidel\u00adberger Promotion zu einem phaleristischen Thema der Fr\u00fchen Neuzeit, 2007\u20132009 Referen\u00addariat f\u00fcr den h\u00f6heren Archivdienst an der Archivschule Marburg mit anschlie\u00dfendem archivischen Staatsexamen, 2009\u20132010 Dienststellenleiter der Kommunalen &hellip; <\/p>\n<p class=\"link-more\"><a href=\"https:\/\/www.deutsche-gesellschaft-fuer-ordenskunde.de\/DGOWP\/dgo\/wissenschaftlicher-beirat\/dr-lars-adler\/\" class=\"more-link\"><span class=\"screen-reader-text\">\u201eDr. Lars Adler\u201c <\/span>weiterlesen<\/a><\/p>\n","protected":false},"author":2,"featured_media":0,"parent":76,"menu_order":0,"comment_status":"closed","ping_status":"closed","template":"","meta":{"ngg_post_thumbnail":0,"footnotes":""},"class_list":["post-1762","page","type-page","status-publish","hentry"],"_links":{"self":[{"href":"https:\/\/www.deutsche-gesellschaft-fuer-ordenskunde.de\/DGOWP\/wp-json\/wp\/v2\/pages\/1762","targetHints":{"allow":["GET"]}}],"collection":[{"href":"https:\/\/www.deutsche-gesellschaft-fuer-ordenskunde.de\/DGOWP\/wp-json\/wp\/v2\/pages"}],"about":[{"href":"https:\/\/www.deutsche-gesellschaft-fuer-ordenskunde.de\/DGOWP\/wp-json\/wp\/v2\/types\/page"}],"author":[{"embeddable":true,"href":"https:\/\/www.deutsche-gesellschaft-fuer-ordenskunde.de\/DGOWP\/wp-json\/wp\/v2\/users\/2"}],"replies":[{"embeddable":true,"href":"https:\/\/www.deutsche-gesellschaft-fuer-ordenskunde.de\/DGOWP\/wp-json\/wp\/v2\/comments?post=1762"}],"version-history":[{"count":2,"href":"https:\/\/www.deutsche-gesellschaft-fuer-ordenskunde.de\/DGOWP\/wp-json\/wp\/v2\/pages\/1762\/revisions"}],"predecessor-version":[{"id":5187,"href":"https:\/\/www.deutsche-gesellschaft-fuer-ordenskunde.de\/DGOWP\/wp-json\/wp\/v2\/pages\/1762\/revisions\/5187"}],"up":[{"embeddable":true,"href":"https:\/\/www.deutsche-gesellschaft-fuer-ordenskunde.de\/DGOWP\/wp-json\/wp\/v2\/pages\/76"}],"wp:attachment":[{"href":"https:\/\/www.deutsche-gesellschaft-fuer-ordenskunde.de\/DGOWP\/wp-json\/wp\/v2\/media?parent=1762"}],"curies":[{"name":"wp","href":"https:\/\/api.w.org\/{rel}","templated":true}]}}