{"id":1726,"date":"2013-12-22T16:53:34","date_gmt":"2013-12-22T16:53:34","guid":{"rendered":"https:\/\/www.deutsche-gesellschaft-fuer-ordenskunde.de\/DGOWP\/?page_id=1726"},"modified":"2023-04-26T10:34:59","modified_gmt":"2023-04-26T10:34:59","slug":"dr-dietrich-herfuth","status":"publish","type":"page","link":"https:\/\/www.deutsche-gesellschaft-fuer-ordenskunde.de\/DGOWP\/dgo\/wissenschaftlicher-beirat\/dr-dietrich-herfuth\/","title":{"rendered":"Dr. Dietrich Herfuth"},"content":{"rendered":"<h1 style=\"text-align: center;\">Dr. Dietrich Herfurth<\/h1>\n<p style=\"text-align: center;\"><a href=\"https:\/\/www.deutsche-gesellschaft-fuer-ordenskunde.de\/DGOWP\/wp-content\/uploads\/2013\/12\/Dr-Herfurth.jpg\"><img loading=\"lazy\" decoding=\"async\" class=\"aligncenter size-full wp-image-1727\" src=\"https:\/\/www.deutsche-gesellschaft-fuer-ordenskunde.de\/DGOWP\/wp-content\/uploads\/2013\/12\/Dr-Herfurth.jpg\" alt=\"Dr Herfurth\" width=\"500\" height=\"443\" srcset=\"https:\/\/www.deutsche-gesellschaft-fuer-ordenskunde.de\/DGOWP\/wp-content\/uploads\/2013\/12\/Dr-Herfurth.jpg 500w, https:\/\/www.deutsche-gesellschaft-fuer-ordenskunde.de\/DGOWP\/wp-content\/uploads\/2013\/12\/Dr-Herfurth-300x265.jpg 300w, https:\/\/www.deutsche-gesellschaft-fuer-ordenskunde.de\/DGOWP\/wp-content\/uploads\/2013\/12\/Dr-Herfurth-338x300.jpg 338w\" sizes=\"auto, (max-width: 500px) 100vw, 500px\" \/><\/a><\/p>\n<p style=\"text-align: left;\">Dr. Dietrich Herfurth, Berlin, promovierter Historiker und diplomierter Journalist, Mitbegr\u00fcnder, langj\u00e4hriger Vorsitzender und z. Zt. Mitglied des Wissenschaftlichen Beirates der Deutschen Gesellschaft f\u00fcr Ordenskunde e. V.<\/p>\n<p style=\"text-align: left;\">Autor zahlreicher Zeitschriftenartikel und Buchpublikationen des Fachgebietes. Zu den bedeutendsten geh\u00f6ren das Handbuch der Phaleristik \u2013 zusammen mit Prof. Dr. Henning verfasst \u2013, das Werk Sachsen-Weimar-Eisenach im Lichte seiner Orden und Ehrenzeichen \u2013 zusammen mit Dr. Jochen Klauss und J\u00fcrgen Klee \u2013, das Standard- und Nachschlagewerk Der Nationalpreis der DDR sowie der Standardkatalog Sowjetische Auszeichnungen.<\/p>\n","protected":false},"excerpt":{"rendered":"<p>Dr. Dietrich Herfurth Dr. Dietrich Herfurth, Berlin, promovierter Historiker und diplomierter Journalist, Mitbegr\u00fcnder, langj\u00e4hriger Vorsitzender und z. Zt. Mitglied des Wissenschaftlichen Beirates der Deutschen Gesellschaft f\u00fcr Ordenskunde e. V. Autor zahlreicher Zeitschriftenartikel und Buchpublikationen des Fachgebietes. Zu den bedeutendsten geh\u00f6ren das Handbuch der Phaleristik \u2013 zusammen mit Prof. Dr. Henning verfasst \u2013, das Werk Sachsen-Weimar-Eisenach &hellip; <\/p>\n<p class=\"link-more\"><a href=\"https:\/\/www.deutsche-gesellschaft-fuer-ordenskunde.de\/DGOWP\/dgo\/wissenschaftlicher-beirat\/dr-dietrich-herfuth\/\" class=\"more-link\"><span class=\"screen-reader-text\">\u201eDr. Dietrich Herfuth\u201c <\/span>weiterlesen<\/a><\/p>\n","protected":false},"author":2,"featured_media":0,"parent":76,"menu_order":0,"comment_status":"closed","ping_status":"closed","template":"","meta":{"ngg_post_thumbnail":0,"footnotes":""},"class_list":["post-1726","page","type-page","status-publish","hentry"],"_links":{"self":[{"href":"https:\/\/www.deutsche-gesellschaft-fuer-ordenskunde.de\/DGOWP\/wp-json\/wp\/v2\/pages\/1726","targetHints":{"allow":["GET"]}}],"collection":[{"href":"https:\/\/www.deutsche-gesellschaft-fuer-ordenskunde.de\/DGOWP\/wp-json\/wp\/v2\/pages"}],"about":[{"href":"https:\/\/www.deutsche-gesellschaft-fuer-ordenskunde.de\/DGOWP\/wp-json\/wp\/v2\/types\/page"}],"author":[{"embeddable":true,"href":"https:\/\/www.deutsche-gesellschaft-fuer-ordenskunde.de\/DGOWP\/wp-json\/wp\/v2\/users\/2"}],"replies":[{"embeddable":true,"href":"https:\/\/www.deutsche-gesellschaft-fuer-ordenskunde.de\/DGOWP\/wp-json\/wp\/v2\/comments?post=1726"}],"version-history":[{"count":1,"href":"https:\/\/www.deutsche-gesellschaft-fuer-ordenskunde.de\/DGOWP\/wp-json\/wp\/v2\/pages\/1726\/revisions"}],"predecessor-version":[{"id":4217,"href":"https:\/\/www.deutsche-gesellschaft-fuer-ordenskunde.de\/DGOWP\/wp-json\/wp\/v2\/pages\/1726\/revisions\/4217"}],"up":[{"embeddable":true,"href":"https:\/\/www.deutsche-gesellschaft-fuer-ordenskunde.de\/DGOWP\/wp-json\/wp\/v2\/pages\/76"}],"wp:attachment":[{"href":"https:\/\/www.deutsche-gesellschaft-fuer-ordenskunde.de\/DGOWP\/wp-json\/wp\/v2\/media?parent=1726"}],"curies":[{"name":"wp","href":"https:\/\/api.w.org\/{rel}","templated":true}]}}