{"id":153,"date":"2012-09-10T12:08:50","date_gmt":"2012-09-10T12:08:50","guid":{"rendered":"https:\/\/www.deutsche-gesellschaft-fuer-ordenskunde.de\/DGOWP\/?page_id=153"},"modified":"2026-01-29T22:44:04","modified_gmt":"2026-01-29T21:44:04","slug":"diebstahle","status":"publish","type":"page","link":"https:\/\/www.deutsche-gesellschaft-fuer-ordenskunde.de\/DGOWP\/diebstahle\/","title":{"rendered":"Diebst\u00e4hle"},"content":{"rendered":"<h1>Diebst\u00e4hle<\/h1>\n<h4><span style=\"text-decoration: underline;\">Allgemeine Informationen<\/span><br \/>\nDiese allgemeinen Informationen liegen als PDF-Datei zum herunterladen bereit:<\/h4>\n<p><a href=\"https:\/\/www.deutsche-gesellschaft-fuer-ordenskunde.de\/DGOWP\/wp-content\/uploads\/2012\/09\/Orden_und_Ehrenzeichen_Kleine_Einfuehrung.pdf\" target=\"_blank\" rel=\"noopener\">Orden und Ehrenzeichen &#8211; Kleine Einf\u00fchrung in die Thematik unter besonderer Ber\u00fccksichtigung des kriminaltechnischen Hintergrundes<\/a><br \/>\n<a href=\"https:\/\/www.deutsche-gesellschaft-fuer-ordenskunde.de\/DGOWP\/wp-content\/uploads\/2012\/09\/Praeventiv-Massnahmen_zur_Sammlungs-Sicherheit.pdf\" target=\"_blank\" rel=\"noopener\">Pr\u00e4ventiv-Ma\u00dfnahmen zur Sammlungs-Sicherheit<\/a><br \/>\n<a href=\"https:\/\/www.deutsche-gesellschaft-fuer-ordenskunde.de\/DGOWP\/wp-content\/uploads\/2012\/09\/Sammlungs-Karteikarte.pdf\" target=\"_blank\" rel=\"noopener\">Sammlungs-Karteikarte<\/a><\/p>\n<h4><span style=\"text-decoration: underline;\">Chronologische Auflistung von Diebst\u00e4hlen von Orden und Ehrenzeichen<\/span><br \/>\nDiese Liste will sowohl im Interesse der Bestohlenen, wie auch der Sammler und H\u00e4ndler im Allgemeinen einen Beitrag zur Wiederauffindung gestohlener Orden und Ehrenzeichen leisten. Die folgenden PDF-Dateien enthalten von der jeweiligen Ermittlungsbeh\u00f6rde ver\u00f6ffentlichte Einzelheiten und, soweit vorhanden, Auflistungen und Abbildungen des jeweiligen Diebesgutes. Alle Interessenten, Sammler wie H\u00e4ndler, werden gebeten, bei begr\u00fcndeten Verdachtsmomenten direkt Kontakt mit den entsprechenden Ermittlungsbeh\u00f6rden aufzunehmen.<\/h4>\n<p>Selbstverst\u00e4ndlich besteht in einem solchen Fall auch die M\u00f6glichkeit, Kontakt zur Deutschen Gesellschaft f\u00fcr Ordenskunde e.V. unter der E-Mail-Adresse: <a href=\"mailto:gestohlen@dgo-ev.de\">gestohlen@dgo-ev.de<\/a> aufzunehmen, ohne selbst die Polizei zu kontaktieren zu m\u00fcssen.<\/p>\n<p>Um diese Auflistung umfassender gestalten und um insbesondere auch schon l\u00e4nger zur\u00fcckliegende und bisher nur teilweise oder gar nicht aufgekl\u00e4rte Diebst\u00e4hle von Orden und Ehrenzeichen hier aufnehmen zu k\u00f6nnen, werden die Leser, die \u00fcber diesbez\u00fcgliche Informationen verf\u00fcgen gebeten, Kontakt zur Deutschen Gesellschaft f\u00fcr Ordenskunde e.V. unter der E-Mail-Adresse: <a href=\"mailto:gestohlen@dgo-ev.de\">gestohlen@dgo-ev.de<\/a> aufzunehmen.<\/p>\n<p><strong>Diebst\u00e4hle aus der Sammlung von Peter Groch<\/strong><br \/>\nwie in der Ausgabe 108 der \u201eOrden und Ehrenzeichen\u201c angek\u00fcndigt, hier nun das Bildmaterial zu den St\u00fccken aus der Sammlung von Peter Groch, die im Herbst 2017 auf der B\u00f6rse in Freising entwendet wurden. Die St\u00fccke wurden auf gro\u00dfen Papptafeln befestigt und in entsprechenden Fernsehkartons verstaut. Diese wurden gestohlen.<br \/>\nEine entsprechende Diebstahlsanzeige wurde gestellt. Hinweise k\u00f6nnen der Polizei unter dem <strong>Aktenzeichen BY1107-001298-17\/4<\/strong> gemeldet werden.<\/p>\n<p><a href=\"https:\/\/www.deutsche-gesellschaft-fuer-ordenskunde.de\/DGOWP\/wp-content\/uploads\/2012\/09\/pg1.jpg\"><img loading=\"lazy\" decoding=\"async\" class=\"aligncenter size-full wp-image-2902\" src=\"https:\/\/www.deutsche-gesellschaft-fuer-ordenskunde.de\/DGOWP\/wp-content\/uploads\/2012\/09\/pg1.jpg\" alt=\"\" width=\"915\" height=\"582\" srcset=\"https:\/\/www.deutsche-gesellschaft-fuer-ordenskunde.de\/DGOWP\/wp-content\/uploads\/2012\/09\/pg1.jpg 915w, https:\/\/www.deutsche-gesellschaft-fuer-ordenskunde.de\/DGOWP\/wp-content\/uploads\/2012\/09\/pg1-150x95.jpg 150w, https:\/\/www.deutsche-gesellschaft-fuer-ordenskunde.de\/DGOWP\/wp-content\/uploads\/2012\/09\/pg1-300x191.jpg 300w, https:\/\/www.deutsche-gesellschaft-fuer-ordenskunde.de\/DGOWP\/wp-content\/uploads\/2012\/09\/pg1-768x488.jpg 768w\" sizes=\"auto, (max-width: 706px) 89vw, (max-width: 767px) 82vw, 740px\" \/><\/a> <a href=\"https:\/\/www.deutsche-gesellschaft-fuer-ordenskunde.de\/DGOWP\/wp-content\/uploads\/2012\/09\/pg2.jpg\"><img loading=\"lazy\" decoding=\"async\" class=\"alignnone size-full wp-image-2903\" src=\"https:\/\/www.deutsche-gesellschaft-fuer-ordenskunde.de\/DGOWP\/wp-content\/uploads\/2012\/09\/pg2.jpg\" alt=\"\" width=\"908\" height=\"557\" srcset=\"https:\/\/www.deutsche-gesellschaft-fuer-ordenskunde.de\/DGOWP\/wp-content\/uploads\/2012\/09\/pg2.jpg 908w, https:\/\/www.deutsche-gesellschaft-fuer-ordenskunde.de\/DGOWP\/wp-content\/uploads\/2012\/09\/pg2-150x92.jpg 150w, https:\/\/www.deutsche-gesellschaft-fuer-ordenskunde.de\/DGOWP\/wp-content\/uploads\/2012\/09\/pg2-300x184.jpg 300w, https:\/\/www.deutsche-gesellschaft-fuer-ordenskunde.de\/DGOWP\/wp-content\/uploads\/2012\/09\/pg2-768x471.jpg 768w\" sizes=\"auto, (max-width: 706px) 89vw, (max-width: 767px) 82vw, 740px\" \/><\/a> <a href=\"https:\/\/www.deutsche-gesellschaft-fuer-ordenskunde.de\/DGOWP\/wp-content\/uploads\/2012\/09\/pg4.jpg\"><img loading=\"lazy\" decoding=\"async\" class=\"alignnone size-full wp-image-2904\" src=\"https:\/\/www.deutsche-gesellschaft-fuer-ordenskunde.de\/DGOWP\/wp-content\/uploads\/2012\/09\/pg4.jpg\" alt=\"\" width=\"617\" height=\"912\" srcset=\"https:\/\/www.deutsche-gesellschaft-fuer-ordenskunde.de\/DGOWP\/wp-content\/uploads\/2012\/09\/pg4.jpg 617w, https:\/\/www.deutsche-gesellschaft-fuer-ordenskunde.de\/DGOWP\/wp-content\/uploads\/2012\/09\/pg4-101x150.jpg 101w, https:\/\/www.deutsche-gesellschaft-fuer-ordenskunde.de\/DGOWP\/wp-content\/uploads\/2012\/09\/pg4-203x300.jpg 203w\" sizes=\"auto, (max-width: 617px) 100vw, 617px\" \/><\/a> <a href=\"https:\/\/www.deutsche-gesellschaft-fuer-ordenskunde.de\/DGOWP\/wp-content\/uploads\/2012\/09\/pg5.jpg\"><img loading=\"lazy\" decoding=\"async\" class=\"alignnone size-full wp-image-2905\" src=\"https:\/\/www.deutsche-gesellschaft-fuer-ordenskunde.de\/DGOWP\/wp-content\/uploads\/2012\/09\/pg5.jpg\" alt=\"\" width=\"610\" height=\"922\" srcset=\"https:\/\/www.deutsche-gesellschaft-fuer-ordenskunde.de\/DGOWP\/wp-content\/uploads\/2012\/09\/pg5.jpg 610w, https:\/\/www.deutsche-gesellschaft-fuer-ordenskunde.de\/DGOWP\/wp-content\/uploads\/2012\/09\/pg5-99x150.jpg 99w, https:\/\/www.deutsche-gesellschaft-fuer-ordenskunde.de\/DGOWP\/wp-content\/uploads\/2012\/09\/pg5-198x300.jpg 198w\" sizes=\"auto, (max-width: 610px) 100vw, 610px\" \/><\/a> <a href=\"https:\/\/www.deutsche-gesellschaft-fuer-ordenskunde.de\/DGOWP\/wp-content\/uploads\/2012\/09\/pg6.jpg\"><img loading=\"lazy\" decoding=\"async\" class=\"alignnone size-full wp-image-2906\" src=\"https:\/\/www.deutsche-gesellschaft-fuer-ordenskunde.de\/DGOWP\/wp-content\/uploads\/2012\/09\/pg6.jpg\" alt=\"\" width=\"625\" height=\"893\" srcset=\"https:\/\/www.deutsche-gesellschaft-fuer-ordenskunde.de\/DGOWP\/wp-content\/uploads\/2012\/09\/pg6.jpg 625w, https:\/\/www.deutsche-gesellschaft-fuer-ordenskunde.de\/DGOWP\/wp-content\/uploads\/2012\/09\/pg6-105x150.jpg 105w, https:\/\/www.deutsche-gesellschaft-fuer-ordenskunde.de\/DGOWP\/wp-content\/uploads\/2012\/09\/pg6-210x300.jpg 210w\" sizes=\"auto, (max-width: 625px) 100vw, 625px\" \/><\/a> <a href=\"https:\/\/www.deutsche-gesellschaft-fuer-ordenskunde.de\/DGOWP\/wp-content\/uploads\/2012\/09\/pg7.jpg\"><img loading=\"lazy\" decoding=\"async\" class=\"alignnone size-full wp-image-2907\" src=\"https:\/\/www.deutsche-gesellschaft-fuer-ordenskunde.de\/DGOWP\/wp-content\/uploads\/2012\/09\/pg7.jpg\" alt=\"\" width=\"628\" height=\"900\" srcset=\"https:\/\/www.deutsche-gesellschaft-fuer-ordenskunde.de\/DGOWP\/wp-content\/uploads\/2012\/09\/pg7.jpg 628w, https:\/\/www.deutsche-gesellschaft-fuer-ordenskunde.de\/DGOWP\/wp-content\/uploads\/2012\/09\/pg7-105x150.jpg 105w, https:\/\/www.deutsche-gesellschaft-fuer-ordenskunde.de\/DGOWP\/wp-content\/uploads\/2012\/09\/pg7-209x300.jpg 209w\" sizes=\"auto, (max-width: 628px) 100vw, 628px\" \/><\/a> <a href=\"https:\/\/www.deutsche-gesellschaft-fuer-ordenskunde.de\/DGOWP\/wp-content\/uploads\/2012\/09\/pg8.jpg\"><img loading=\"lazy\" decoding=\"async\" class=\"alignnone size-full wp-image-2908\" src=\"https:\/\/www.deutsche-gesellschaft-fuer-ordenskunde.de\/DGOWP\/wp-content\/uploads\/2012\/09\/pg8.jpg\" alt=\"\" width=\"647\" height=\"933\" srcset=\"https:\/\/www.deutsche-gesellschaft-fuer-ordenskunde.de\/DGOWP\/wp-content\/uploads\/2012\/09\/pg8.jpg 647w, https:\/\/www.deutsche-gesellschaft-fuer-ordenskunde.de\/DGOWP\/wp-content\/uploads\/2012\/09\/pg8-104x150.jpg 104w, https:\/\/www.deutsche-gesellschaft-fuer-ordenskunde.de\/DGOWP\/wp-content\/uploads\/2012\/09\/pg8-208x300.jpg 208w\" sizes=\"auto, (max-width: 647px) 100vw, 647px\" \/><\/a> <a href=\"https:\/\/www.deutsche-gesellschaft-fuer-ordenskunde.de\/DGOWP\/wp-content\/uploads\/2012\/09\/pg9.jpg\"><img loading=\"lazy\" decoding=\"async\" class=\"alignnone size-full wp-image-2909\" src=\"https:\/\/www.deutsche-gesellschaft-fuer-ordenskunde.de\/DGOWP\/wp-content\/uploads\/2012\/09\/pg9.jpg\" alt=\"\" width=\"641\" height=\"938\" srcset=\"https:\/\/www.deutsche-gesellschaft-fuer-ordenskunde.de\/DGOWP\/wp-content\/uploads\/2012\/09\/pg9.jpg 641w, https:\/\/www.deutsche-gesellschaft-fuer-ordenskunde.de\/DGOWP\/wp-content\/uploads\/2012\/09\/pg9-103x150.jpg 103w, https:\/\/www.deutsche-gesellschaft-fuer-ordenskunde.de\/DGOWP\/wp-content\/uploads\/2012\/09\/pg9-205x300.jpg 205w\" sizes=\"auto, (max-width: 641px) 100vw, 641px\" \/><\/a><\/p>\n<p><strong>09.05.2010 &#8211; <a href=\"https:\/\/www.deutsche-gesellschaft-fuer-ordenskunde.de\/DGOWP\/wp-content\/uploads\/2012\/09\/diebstahlsuhr.pdf\" target=\"_blank\" rel=\"noopener\">Diebst\u00e4hle aus der Sammlung von Ulrich Suhr<\/a><\/strong><\/p>\n<p><strong>12.12.2007 &#8211; Bay. Landeskriminalamt, M\u00fcnchen:<\/strong><br \/>\nEinbruch und Diebstahl wertvoller Orden auf Schlo\u00df Hohenschwangau bei F\u00fcssen<br \/>\n<strong>Hier:<\/strong> \u00d6ffentliche Berichterstattung im Zusammenhang mit der Verhandlung gegen einen Tatverd\u00e4chtigen vor dem Landgericht Kempten <a href=\"https:\/\/www.deutsche-gesellschaft-fuer-ordenskunde.de\/DGOWP\/wp-content\/uploads\/2012\/09\/12122007_Bay_Landeskriminalamt_Muenchen.pdf\" target=\"_blank\" rel=\"noopener\">(PDF-Datei)<\/a><\/p>\n<p><strong>11.12.2007 &#8211; Polizeipr\u00e4sidium Osthessen, Fulda:<\/strong><br \/>\nEinbruch und Diebstahl einer gro\u00dfen Ordenssammlung in Kalbach-Uttrichshausen bei Fulda<br \/>\n<strong>Hier:<\/strong> \u00d6ffentliche Berichterstattung im Zusammenhang mit der Verhandlung gegen zwei Tatverd\u00e4chtige vor dem Landgericht Fulda <a href=\"https:\/\/www.deutsche-gesellschaft-fuer-ordenskunde.de\/DGOWP\/wp-content\/uploads\/2012\/09\/11122007_Polzeipraesidium_Osthessen_Fulda.pdf\" target=\"_blank\" rel=\"noopener\">(PDF-Datei)<\/a><\/p>\n<p><strong>08.12.2007 &#8211; Kreispolizeibeh\u00f6rde Paderborn:<\/strong><br \/>\nDoppelmord und mutma\u00dflicher Diebstahl von Orden und Militaria in Delbr\u00fcck-Bentfeld<br \/>\n<strong>Hier:<\/strong> Ausf\u00fchrlicher Fahndungsaufruf nach dem Diebesgut <a href=\"https:\/\/www.deutsche-gesellschaft-fuer-ordenskunde.de\/DGOWP\/wp-content\/uploads\/2012\/09\/08122007_Kreispolizeibehoerde_Paderborn.pdf\" target=\"_blank\" rel=\"noopener\"> (PDF-Datei)<\/a><\/p>\n<p><strong>02.12.2007 &#8211; Polizeidirektion Jena: <\/strong><br \/>\nEinbruch und Diebstahl von Orden, Ehrenzeichen und Militaria in Jena <a href=\"https:\/\/www.deutsche-gesellschaft-fuer-ordenskunde.de\/DGOWP\/wp-content\/uploads\/2012\/09\/08122007_Polizeidirektion_Jena.pdf\" target=\"_blank\" rel=\"noopener\">(PDF-Datei)<\/a><\/p>\n<p><strong>21.05.2006 &#8211; Polizeidirektion Reutlingen:<\/strong><br \/>\nEinbruch und Diebstahl einer Ordenssammlung in Reutlingen <a href=\"https:\/\/www.deutsche-gesellschaft-fuer-ordenskunde.de\/DGOWP\/wp-content\/uploads\/2012\/09\/21052006_Polzeidirektion_Reutlingen.pdf\" target=\"_blank\" rel=\"noopener\">(PDF-Datei)<\/a><\/p>\n<p><strong>01.12.2005 &#8211; Kreispolizeibeh\u00f6rde Paderborn:<\/strong><br \/>\nDoppelmord und mutma\u00dflicher Diebstahl von Orden und Militaria in Delbr\u00fcck-Bentfeld <a href=\"https:\/\/www.deutsche-gesellschaft-fuer-ordenskunde.de\/DGOWP\/wp-content\/uploads\/2012\/09\/01122005_Kreispolizeibehoerde_Paderborn.pdf\" target=\"_blank\" rel=\"noopener\">(PDF-Datei)<\/a><\/p>\n<p><strong>06.11.2005 &#8211; Bay. Landeskriminalamt, M\u00fcnchen:<\/strong><br \/>\nEinbruch und Diebstahl wertvoller Orden auf Schlo\u00df Hohenschwangau bei F\u00fcssen <a href=\"https:\/\/www.deutsche-gesellschaft-fuer-ordenskunde.de\/DGOWP\/wp-content\/uploads\/2012\/09\/06112005_Bay_Landeskriminalamt_Muenchen.pdf\" target=\"_blank\" rel=\"noopener\">(PDF-Datei)<\/a><\/p>\n<p><strong>26.08.2005 &#8211; Polizeidirektion Traunstein:<\/strong><br \/>\nEinbruch und Diebstahl von Orden und Militaria in der Dokumentation Obersalzberg bei Berchtesgaden <a href=\"https:\/\/www.deutsche-gesellschaft-fuer-ordenskunde.de\/DGOWP\/wp-content\/uploads\/2012\/09\/26082005_Polizeidirektion_Traunstein.pdf\" target=\"_blank\" rel=\"noopener\">(PDF-Datei)<\/a><\/p>\n<p><strong>12.08.2005 &#8211; Polizeipr\u00e4sidium Osthessen, Fulda:<\/strong><br \/>\nEinbruch und Diebstahl einer gro\u00dfen Ordenssammlung in Kalbach-Uttrichshausen bei Fulda <a href=\"https:\/\/www.deutsche-gesellschaft-fuer-ordenskunde.de\/DGOWP\/wp-content\/uploads\/2012\/09\/12082005_Polizeipraesidium_Osthessen_Fulda.pdf\" target=\"_blank\" rel=\"noopener\">(PDF-Datei)<\/a><\/p>\n","protected":false},"excerpt":{"rendered":"<p>Diebst\u00e4hle Allgemeine Informationen Diese allgemeinen Informationen liegen als PDF-Datei zum herunterladen bereit: Orden und Ehrenzeichen &#8211; Kleine Einf\u00fchrung in die Thematik unter besonderer Ber\u00fccksichtigung des kriminaltechnischen Hintergrundes Pr\u00e4ventiv-Ma\u00dfnahmen zur Sammlungs-Sicherheit Sammlungs-Karteikarte Chronologische Auflistung von Diebst\u00e4hlen von Orden und Ehrenzeichen Diese Liste will sowohl im Interesse der Bestohlenen, wie auch der Sammler und H\u00e4ndler im Allgemeinen &hellip; <\/p>\n<p class=\"link-more\"><a href=\"https:\/\/www.deutsche-gesellschaft-fuer-ordenskunde.de\/DGOWP\/diebstahle\/\" class=\"more-link\"><span class=\"screen-reader-text\">\u201eDiebst\u00e4hle\u201c <\/span>weiterlesen<\/a><\/p>\n","protected":false},"author":2,"featured_media":0,"parent":0,"menu_order":0,"comment_status":"closed","ping_status":"closed","template":"","meta":{"ngg_post_thumbnail":0,"footnotes":""},"class_list":["post-153","page","type-page","status-publish","hentry"],"_links":{"self":[{"href":"https:\/\/www.deutsche-gesellschaft-fuer-ordenskunde.de\/DGOWP\/wp-json\/wp\/v2\/pages\/153","targetHints":{"allow":["GET"]}}],"collection":[{"href":"https:\/\/www.deutsche-gesellschaft-fuer-ordenskunde.de\/DGOWP\/wp-json\/wp\/v2\/pages"}],"about":[{"href":"https:\/\/www.deutsche-gesellschaft-fuer-ordenskunde.de\/DGOWP\/wp-json\/wp\/v2\/types\/page"}],"author":[{"embeddable":true,"href":"https:\/\/www.deutsche-gesellschaft-fuer-ordenskunde.de\/DGOWP\/wp-json\/wp\/v2\/users\/2"}],"replies":[{"embeddable":true,"href":"https:\/\/www.deutsche-gesellschaft-fuer-ordenskunde.de\/DGOWP\/wp-json\/wp\/v2\/comments?post=153"}],"version-history":[{"count":2,"href":"https:\/\/www.deutsche-gesellschaft-fuer-ordenskunde.de\/DGOWP\/wp-json\/wp\/v2\/pages\/153\/revisions"}],"predecessor-version":[{"id":5261,"href":"https:\/\/www.deutsche-gesellschaft-fuer-ordenskunde.de\/DGOWP\/wp-json\/wp\/v2\/pages\/153\/revisions\/5261"}],"wp:attachment":[{"href":"https:\/\/www.deutsche-gesellschaft-fuer-ordenskunde.de\/DGOWP\/wp-json\/wp\/v2\/media?parent=153"}],"curies":[{"name":"wp","href":"https:\/\/api.w.org\/{rel}","templated":true}]}}