{"id":111,"date":"2012-09-10T11:30:02","date_gmt":"2012-09-10T11:30:02","guid":{"rendered":"https:\/\/www.deutsche-gesellschaft-fuer-ordenskunde.de\/DGOWP\/?page_id=111"},"modified":"2012-09-14T20:41:52","modified_gmt":"2012-09-14T20:41:52","slug":"sinsheim-2010","status":"publish","type":"page","link":"https:\/\/www.deutsche-gesellschaft-fuer-ordenskunde.de\/DGOWP\/ausstellungen\/99-2\/sinsheim-2010\/","title":{"rendered":"Sinsheim 2010"},"content":{"rendered":"<div id=\"sinsheim10\">\n<h1>Sinsheim 2010<\/h1>\n<p>Die Sonderausstellung <strong>\u201eDie S\u00fcdwestafrika-Denkm\u00fcnze 1907 und deren Gefechtsspangen&#8220;<\/strong> fand viel Anklang. Pr\u00e4sentiert wurden verschieden Ordensspangen, Verleihungsurkunden und Tr\u00e4gerbilder. Nachfolgen sehen sie Bilder der Ausstellungsvitrinen.<\/p>\n<p><a href=\"https:\/\/www.deutsche-gesellschaft-fuer-ordenskunde.de\/DGOWP\/wp-content\/uploads\/2012\/09\/sinsheim1.jpg\"><img decoding=\"async\" class=\"aligncenter size-full wp-image-269\" title=\"sinsheim1\" src=\"https:\/\/www.deutsche-gesellschaft-fuer-ordenskunde.de\/DGOWP\/wp-content\/uploads\/2012\/09\/sinsheim1.jpg\" alt=\"\" \/><\/a>\u00a0<a href=\"https:\/\/www.deutsche-gesellschaft-fuer-ordenskunde.de\/DGOWP\/wp-content\/uploads\/2012\/09\/sinsheim2.jpg\"><img decoding=\"async\" class=\"aligncenter size-full wp-image-270\" title=\"sinsheim2\" src=\"https:\/\/www.deutsche-gesellschaft-fuer-ordenskunde.de\/DGOWP\/wp-content\/uploads\/2012\/09\/sinsheim2.jpg\" alt=\"\" \/><\/a>\u00a0<a href=\"https:\/\/www.deutsche-gesellschaft-fuer-ordenskunde.de\/DGOWP\/wp-content\/uploads\/2012\/09\/sinsheim3.jpg\"><img decoding=\"async\" class=\"aligncenter size-full wp-image-271\" title=\"sinsheim3\" src=\"https:\/\/www.deutsche-gesellschaft-fuer-ordenskunde.de\/DGOWP\/wp-content\/uploads\/2012\/09\/sinsheim3.jpg\" alt=\"\" \/><\/a>\u00a0<a href=\"https:\/\/www.deutsche-gesellschaft-fuer-ordenskunde.de\/DGOWP\/wp-content\/uploads\/2012\/09\/sinsheim4.jpg\"><img decoding=\"async\" class=\"aligncenter size-full wp-image-272\" title=\"sinsheim4\" src=\"https:\/\/www.deutsche-gesellschaft-fuer-ordenskunde.de\/DGOWP\/wp-content\/uploads\/2012\/09\/sinsheim4.jpg\" alt=\"\" \/><\/a> <a href=\"https:\/\/www.deutsche-gesellschaft-fuer-ordenskunde.de\/DGOWP\/wp-content\/uploads\/2012\/09\/sinsheim5.jpg\"><img decoding=\"async\" class=\"aligncenter size-full wp-image-273\" title=\"sinsheim5\" src=\"https:\/\/www.deutsche-gesellschaft-fuer-ordenskunde.de\/DGOWP\/wp-content\/uploads\/2012\/09\/sinsheim5.jpg\" alt=\"\" \/><\/a><\/p>\n<\/div>\n","protected":false},"excerpt":{"rendered":"<p>Sinsheim 2010 Die Sonderausstellung \u201eDie S\u00fcdwestafrika-Denkm\u00fcnze 1907 und deren Gefechtsspangen&#8220; fand viel Anklang. Pr\u00e4sentiert wurden verschieden Ordensspangen, Verleihungsurkunden und Tr\u00e4gerbilder. Nachfolgen sehen sie Bilder der Ausstellungsvitrinen. \u00a0\u00a0\u00a0<\/p>\n","protected":false},"author":2,"featured_media":0,"parent":99,"menu_order":0,"comment_status":"closed","ping_status":"closed","template":"","meta":{"ngg_post_thumbnail":0,"footnotes":""},"class_list":["post-111","page","type-page","status-publish","hentry"],"_links":{"self":[{"href":"https:\/\/www.deutsche-gesellschaft-fuer-ordenskunde.de\/DGOWP\/wp-json\/wp\/v2\/pages\/111","targetHints":{"allow":["GET"]}}],"collection":[{"href":"https:\/\/www.deutsche-gesellschaft-fuer-ordenskunde.de\/DGOWP\/wp-json\/wp\/v2\/pages"}],"about":[{"href":"https:\/\/www.deutsche-gesellschaft-fuer-ordenskunde.de\/DGOWP\/wp-json\/wp\/v2\/types\/page"}],"author":[{"embeddable":true,"href":"https:\/\/www.deutsche-gesellschaft-fuer-ordenskunde.de\/DGOWP\/wp-json\/wp\/v2\/users\/2"}],"replies":[{"embeddable":true,"href":"https:\/\/www.deutsche-gesellschaft-fuer-ordenskunde.de\/DGOWP\/wp-json\/wp\/v2\/comments?post=111"}],"version-history":[{"count":0,"href":"https:\/\/www.deutsche-gesellschaft-fuer-ordenskunde.de\/DGOWP\/wp-json\/wp\/v2\/pages\/111\/revisions"}],"up":[{"embeddable":true,"href":"https:\/\/www.deutsche-gesellschaft-fuer-ordenskunde.de\/DGOWP\/wp-json\/wp\/v2\/pages\/99"}],"wp:attachment":[{"href":"https:\/\/www.deutsche-gesellschaft-fuer-ordenskunde.de\/DGOWP\/wp-json\/wp\/v2\/media?parent=111"}],"curies":[{"name":"wp","href":"https:\/\/api.w.org\/{rel}","templated":true}]}}